{"id":6323,"date":"2025-11-03T18:20:31","date_gmt":"2025-11-03T18:20:31","guid":{"rendered":"https:\/\/www.costaricafilmcommission.org\/?film=temporal"},"modified":"2026-01-26T13:15:43","modified_gmt":"2026-01-26T13:15:43","slug":"temporal","status":"publish","type":"film","link":"https:\/\/www.costaricafilmcommission.org\/es\/?film=temporal","title":{"rendered":"Temporal"},"content":{"rendered":"<p>Alejandra y Joaqu\u00edn son una pareja marcada por la depresi\u00f3n de \u00e9l. Su inestabilidad emocional lo ha dejado desempleado otra vez, lo cual ha complicado a\u00fan m\u00e1s la relaci\u00f3n. Alejandra no entiende por qu\u00e9 todo es tan dif\u00edcil para su marido, ni las razones de su infelicidad, a\u00fan cuando parece que lo tiene todo.<\/p>\n","protected":false},"featured_media":6325,"template":"","meta":{"_acf_changed":false},"class_list":["post-6323","film","type-film","status-publish","has-post-thumbnail","hentry"],"acf":[],"yoast_head":"<!-- This site is optimized with the Yoast SEO plugin v25.5 - https:\/\/yoast.com\/wordpress\/plugins\/seo\/ -->\n<title>Temporal - Film Commission<\/title>\n<meta name=\"robots\" content=\"index, follow, max-snippet:-1, max-image-preview:large, max-video-preview:-1\" \/>\n<link rel=\"canonical\" href=\"https:\/\/www.costaricafilmcommission.org\/es\/?film=temporal\" \/>\n<meta property=\"og:locale\" content=\"es_ES\" \/>\n<meta property=\"og:type\" content=\"article\" \/>\n<meta property=\"og:title\" content=\"Temporal - Film Commission\" \/>\n<meta property=\"og:description\" content=\"Alejandra y Joaqu\u00edn son una pareja marcada por la depresi\u00f3n de \u00e9l. Su inestabilidad emocional lo ha dejado desempleado otra vez, lo cual ha complicado a\u00fan m\u00e1s la relaci\u00f3n. Alejandra no entiende por qu\u00e9 todo es tan dif\u00edcil para su marido, ni las razones de su infelicidad, a\u00fan cuando parece que lo tiene todo.\" \/>\n<meta property=\"og:url\" content=\"https:\/\/www.costaricafilmcommission.org\/es\/?film=temporal\" \/>\n<meta property=\"og:site_name\" content=\"Film Commission\" \/>\n<meta property=\"article:publisher\" content=\"https:\/\/www.facebook.com\/CRFilmCommission\/\" \/>\n<meta property=\"article:modified_time\" content=\"2026-01-26T13:15:43+00:00\" \/>\n<meta property=\"og:image\" content=\"https:\/\/www.costaricafilmcommission.org\/wp-content\/uploads\/2025\/11\/temporal_principal.jpg\" \/>\n\t<meta property=\"og:image:width\" content=\"1399\" \/>\n\t<meta property=\"og:image:height\" content=\"1748\" \/>\n\t<meta property=\"og:image:type\" content=\"image\/jpeg\" \/>\n<meta name=\"twitter:card\" content=\"summary_large_image\" \/>\n<script type=\"application\/ld+json\" class=\"yoast-schema-graph\">{\"@context\":\"https:\/\/schema.org\",\"@graph\":[{\"@type\":\"WebPage\",\"@id\":\"https:\/\/www.costaricafilmcommission.org\/es\/?film=temporal\",\"url\":\"https:\/\/www.costaricafilmcommission.org\/es\/?film=temporal\",\"name\":\"Temporal - Film Commission\",\"isPartOf\":{\"@id\":\"https:\/\/www.costaricafilmcommission.org\/es\/#website\"},\"primaryImageOfPage\":{\"@id\":\"https:\/\/www.costaricafilmcommission.org\/es\/?film=temporal#primaryimage\"},\"image\":{\"@id\":\"https:\/\/www.costaricafilmcommission.org\/es\/?film=temporal#primaryimage\"},\"thumbnailUrl\":\"https:\/\/www.costaricafilmcommission.org\/wp-content\/uploads\/2025\/11\/temporal_principal.jpg\",\"datePublished\":\"2025-11-03T18:20:31+00:00\",\"dateModified\":\"2026-01-26T13:15:43+00:00\",\"breadcrumb\":{\"@id\":\"https:\/\/www.costaricafilmcommission.org\/es\/?film=temporal#breadcrumb\"},\"inLanguage\":\"es\",\"potentialAction\":[{\"@type\":\"ReadAction\",\"target\":[\"https:\/\/www.costaricafilmcommission.org\/es\/?film=temporal\"]}]},{\"@type\":\"ImageObject\",\"inLanguage\":\"es\",\"@id\":\"https:\/\/www.costaricafilmcommission.org\/es\/?film=temporal#primaryimage\",\"url\":\"https:\/\/www.costaricafilmcommission.org\/wp-content\/uploads\/2025\/11\/temporal_principal.jpg\",\"contentUrl\":\"https:\/\/www.costaricafilmcommission.org\/wp-content\/uploads\/2025\/11\/temporal_principal.jpg\",\"width\":1399,\"height\":1748},{\"@type\":\"BreadcrumbList\",\"@id\":\"https:\/\/www.costaricafilmcommission.org\/es\/?film=temporal#breadcrumb\",\"itemListElement\":[{\"@type\":\"ListItem\",\"position\":1,\"name\":\"Portada\",\"item\":\"https:\/\/www.costaricafilmcommission.org\/es\/\"},{\"@type\":\"ListItem\",\"position\":2,\"name\":\"Temporal\"}]},{\"@type\":\"WebSite\",\"@id\":\"https:\/\/www.costaricafilmcommission.org\/es\/#website\",\"url\":\"https:\/\/www.costaricafilmcommission.org\/es\/\",\"name\":\"Film Commission\",\"description\":\"Film Commission Website\",\"publisher\":{\"@id\":\"https:\/\/www.costaricafilmcommission.org\/es\/#organization\"},\"potentialAction\":[{\"@type\":\"SearchAction\",\"target\":{\"@type\":\"EntryPoint\",\"urlTemplate\":\"https:\/\/www.costaricafilmcommission.org\/es\/?s={search_term_string}\"},\"query-input\":{\"@type\":\"PropertyValueSpecification\",\"valueRequired\":true,\"valueName\":\"search_term_string\"}}],\"inLanguage\":\"es\"},{\"@type\":\"Organization\",\"@id\":\"https:\/\/www.costaricafilmcommission.org\/es\/#organization\",\"name\":\"Film Commission\",\"url\":\"https:\/\/www.costaricafilmcommission.org\/es\/\",\"logo\":{\"@type\":\"ImageObject\",\"inLanguage\":\"es\",\"@id\":\"https:\/\/www.costaricafilmcommission.org\/es\/#\/schema\/logo\/image\/\",\"url\":\"https:\/\/www.costaricafilmcommission.org\/wp-content\/uploads\/2026\/01\/CF_Blanco-2.png\",\"contentUrl\":\"https:\/\/www.costaricafilmcommission.org\/wp-content\/uploads\/2026\/01\/CF_Blanco-2.png\",\"width\":93,\"height\":40,\"caption\":\"Film Commission\"},\"image\":{\"@id\":\"https:\/\/www.costaricafilmcommission.org\/es\/#\/schema\/logo\/image\/\"},\"sameAs\":[\"https:\/\/www.facebook.com\/CRFilmCommission\/\"]}]}<\/script>\n<!-- \/ Yoast SEO plugin. -->","yoast_head_json":{"title":"Temporal - Film Commission","robots":{"index":"index","follow":"follow","max-snippet":"max-snippet:-1","max-image-preview":"max-image-preview:large","max-video-preview":"max-video-preview:-1"},"canonical":"https:\/\/www.costaricafilmcommission.org\/es\/?film=temporal","og_locale":"es_ES","og_type":"article","og_title":"Temporal - Film Commission","og_description":"Alejandra y Joaqu\u00edn son una pareja marcada por la depresi\u00f3n de \u00e9l. Su inestabilidad emocional lo ha dejado desempleado otra vez, lo cual ha complicado a\u00fan m\u00e1s la relaci\u00f3n. Alejandra no entiende por qu\u00e9 todo es tan dif\u00edcil para su marido, ni las razones de su infelicidad, a\u00fan cuando parece que lo tiene todo.","og_url":"https:\/\/www.costaricafilmcommission.org\/es\/?film=temporal","og_site_name":"Film Commission","article_publisher":"https:\/\/www.facebook.com\/CRFilmCommission\/","article_modified_time":"2026-01-26T13:15:43+00:00","og_image":[{"width":1399,"height":1748,"url":"https:\/\/www.costaricafilmcommission.org\/wp-content\/uploads\/2025\/11\/temporal_principal.jpg","type":"image\/jpeg"}],"twitter_card":"summary_large_image","schema":{"@context":"https:\/\/schema.org","@graph":[{"@type":"WebPage","@id":"https:\/\/www.costaricafilmcommission.org\/es\/?film=temporal","url":"https:\/\/www.costaricafilmcommission.org\/es\/?film=temporal","name":"Temporal - Film Commission","isPartOf":{"@id":"https:\/\/www.costaricafilmcommission.org\/es\/#website"},"primaryImageOfPage":{"@id":"https:\/\/www.costaricafilmcommission.org\/es\/?film=temporal#primaryimage"},"image":{"@id":"https:\/\/www.costaricafilmcommission.org\/es\/?film=temporal#primaryimage"},"thumbnailUrl":"https:\/\/www.costaricafilmcommission.org\/wp-content\/uploads\/2025\/11\/temporal_principal.jpg","datePublished":"2025-11-03T18:20:31+00:00","dateModified":"2026-01-26T13:15:43+00:00","breadcrumb":{"@id":"https:\/\/www.costaricafilmcommission.org\/es\/?film=temporal#breadcrumb"},"inLanguage":"es","potentialAction":[{"@type":"ReadAction","target":["https:\/\/www.costaricafilmcommission.org\/es\/?film=temporal"]}]},{"@type":"ImageObject","inLanguage":"es","@id":"https:\/\/www.costaricafilmcommission.org\/es\/?film=temporal#primaryimage","url":"https:\/\/www.costaricafilmcommission.org\/wp-content\/uploads\/2025\/11\/temporal_principal.jpg","contentUrl":"https:\/\/www.costaricafilmcommission.org\/wp-content\/uploads\/2025\/11\/temporal_principal.jpg","width":1399,"height":1748},{"@type":"BreadcrumbList","@id":"https:\/\/www.costaricafilmcommission.org\/es\/?film=temporal#breadcrumb","itemListElement":[{"@type":"ListItem","position":1,"name":"Portada","item":"https:\/\/www.costaricafilmcommission.org\/es\/"},{"@type":"ListItem","position":2,"name":"Temporal"}]},{"@type":"WebSite","@id":"https:\/\/www.costaricafilmcommission.org\/es\/#website","url":"https:\/\/www.costaricafilmcommission.org\/es\/","name":"Film Commission","description":"Film Commission Website","publisher":{"@id":"https:\/\/www.costaricafilmcommission.org\/es\/#organization"},"potentialAction":[{"@type":"SearchAction","target":{"@type":"EntryPoint","urlTemplate":"https:\/\/www.costaricafilmcommission.org\/es\/?s={search_term_string}"},"query-input":{"@type":"PropertyValueSpecification","valueRequired":true,"valueName":"search_term_string"}}],"inLanguage":"es"},{"@type":"Organization","@id":"https:\/\/www.costaricafilmcommission.org\/es\/#organization","name":"Film Commission","url":"https:\/\/www.costaricafilmcommission.org\/es\/","logo":{"@type":"ImageObject","inLanguage":"es","@id":"https:\/\/www.costaricafilmcommission.org\/es\/#\/schema\/logo\/image\/","url":"https:\/\/www.costaricafilmcommission.org\/wp-content\/uploads\/2026\/01\/CF_Blanco-2.png","contentUrl":"https:\/\/www.costaricafilmcommission.org\/wp-content\/uploads\/2026\/01\/CF_Blanco-2.png","width":93,"height":40,"caption":"Film Commission"},"image":{"@id":"https:\/\/www.costaricafilmcommission.org\/es\/#\/schema\/logo\/image\/"},"sameAs":["https:\/\/www.facebook.com\/CRFilmCommission\/"]}]}},"_links":{"self":[{"href":"https:\/\/www.costaricafilmcommission.org\/es\/wp-json\/wp\/v2\/film\/6323","targetHints":{"allow":["GET"]}}],"collection":[{"href":"https:\/\/www.costaricafilmcommission.org\/es\/wp-json\/wp\/v2\/film"}],"about":[{"href":"https:\/\/www.costaricafilmcommission.org\/es\/wp-json\/wp\/v2\/types\/film"}],"wp:featuredmedia":[{"embeddable":true,"href":"https:\/\/www.costaricafilmcommission.org\/es\/wp-json\/wp\/v2\/media\/6325"}],"wp:attachment":[{"href":"https:\/\/www.costaricafilmcommission.org\/es\/wp-json\/wp\/v2\/media?parent=6323"}],"curies":[{"name":"wp","href":"https:\/\/api.w.org\/{rel}","templated":true}]}}

<p>Alejandra y Joaquín son una pareja marcada por la depresión de él. Su inestabilidad emocional lo ha dejado desempleado otra vez, lo cual ha complicado aún más la relación. Alejandra no entiende por qué todo es tan difícil para su marido, ni las razones de su infelicidad, aún cuando parece que lo tiene todo.</p>

<!-- This site is optimized with the Yoast SEO plugin v25.5 - https://yoast.com/wordpress/plugins/seo/ -->
<title>Temporal - Film Commission</title>
<meta name="robots" content="index, follow, max-snippet:-1, max-image-preview:large, max-video-preview:-1" />
<link rel="canonical" href="https://www.costaricafilmcommission.org/es/?film=temporal" />
<meta property="og:locale" content="es_ES" />
<meta property="og:type" content="article" />
<meta property="og:title" content="Temporal - Film Commission" />
<meta property="og:description" content="Alejandra y Joaquín son una pareja marcada por la depresión de él. Su inestabilidad emocional lo ha dejado desempleado otra vez, lo cual ha complicado aún más la relación. Alejandra no entiende por qué todo es tan difícil para su marido, ni las razones de su infelicidad, aún cuando parece que lo tiene todo." />
<meta property="og:url" content="https://www.costaricafilmcommission.org/es/?film=temporal" />
<meta property="og:site_name" content="Film Commission" />
<meta property="article:publisher" content="https://www.facebook.com/CRFilmCommission/" />
<meta property="article:modified_time" content="2026-01-26T13:15:43+00:00" />
<meta property="og:image" content="https://www.costaricafilmcommission.org/wp-content/uploads/2025/11/temporal_principal.jpg" />
	<meta property="og:image:width" content="1399" />
	<meta property="og:image:height" content="1748" />
	<meta property="og:image:type" content="image/jpeg" />
<meta name="twitter:card" content="summary_large_image" />
<script type="application/ld+json" class="yoast-schema-graph">{"@context":"https://schema.org","@graph":[{"@type":"WebPage","@id":"https://www.costaricafilmcommission.org/es/?film=temporal","url":"https://www.costaricafilmcommission.org/es/?film=temporal","name":"Temporal - Film Commission","isPartOf":{"@id":"https://www.costaricafilmcommission.org/es/#website"},"primaryImageOfPage":{"@id":"https://www.costaricafilmcommission.org/es/?film=temporal#primaryimage"},"image":{"@id":"https://www.costaricafilmcommission.org/es/?film=temporal#primaryimage"},"thumbnailUrl":"https://www.costaricafilmcommission.org/wp-content/uploads/2025/11/temporal_principal.jpg","datePublished":"2025-11-03T18:20:31+00:00","dateModified":"2026-01-26T13:15:43+00:00","breadcrumb":{"@id":"https://www.costaricafilmcommission.org/es/?film=temporal#breadcrumb"},"inLanguage":"es","potentialAction":[{"@type":"ReadAction","target":["https://www.costaricafilmcommission.org/es/?film=temporal"]}]},{"@type":"ImageObject","inLanguage":"es","@id":"https://www.costaricafilmcommission.org/es/?film=temporal#primaryimage","url":"https://www.costaricafilmcommission.org/wp-content/uploads/2025/11/temporal_principal.jpg","contentUrl":"https://www.costaricafilmcommission.org/wp-content/uploads/2025/11/temporal_principal.jpg","width":1399,"height":1748},{"@type":"BreadcrumbList","@id":"https://www.costaricafilmcommission.org/es/?film=temporal#breadcrumb","itemListElement":[{"@type":"ListItem","position":1,"name":"Portada","item":"https://www.costaricafilmcommission.org/es/"},{"@type":"ListItem","position":2,"name":"Temporal"}]},{"@type":"WebSite","@id":"https://www.costaricafilmcommission.org/es/#website","url":"https://www.costaricafilmcommission.org/es/","name":"Film Commission","description":"Film Commission Website","publisher":{"@id":"https://www.costaricafilmcommission.org/es/#organization"},"potentialAction":[{"@type":"SearchAction","target":{"@type":"EntryPoint","urlTemplate":"https://www.costaricafilmcommission.org/es/?s={search_term_string}"},"query-input":{"@type":"PropertyValueSpecification","valueRequired":true,"valueName":"search_term_string"}}],"inLanguage":"es"},{"@type":"Organization","@id":"https://www.costaricafilmcommission.org/es/#organization","name":"Film Commission","url":"https://www.costaricafilmcommission.org/es/","logo":{"@type":"ImageObject","inLanguage":"es","@id":"https://www.costaricafilmcommission.org/es/#/schema/logo/image/","url":"https://www.costaricafilmcommission.org/wp-content/uploads/2026/01/CF_Blanco-2.png","contentUrl":"https://www.costaricafilmcommission.org/wp-content/uploads/2026/01/CF_Blanco-2.png","width":93,"height":40,"caption":"Film Commission"},"image":{"@id":"https://www.costaricafilmcommission.org/es/#/schema/logo/image/"},"sameAs":["https://www.facebook.com/CRFilmCommission/"]}]}</script>
<!-- / Yoast SEO plugin. -->

Alejandra y Joaquín son una pareja marcada por la depresión de él. Su inestabilidad emocional lo ha dejado desempleado otra vez, lo cual ha complicado aún más la relación. Alejandra no entiende por qué todo es tan difícil para su marido, ni las razones de su infelicidad, aún cuando parece que lo tiene todo.
