{"id":6454,"date":"2025-11-04T21:56:31","date_gmt":"2025-11-04T21:56:31","guid":{"rendered":"https:\/\/www.costaricafilmcommission.org\/?location=barrio-amon"},"modified":"2026-01-26T14:14:12","modified_gmt":"2026-01-26T14:14:12","slug":"barrio-amon","status":"publish","type":"location","link":"https:\/\/www.costaricafilmcommission.org\/es\/?location=barrio-amon","title":{"rendered":"Barrio Am\u00f3n"},"content":{"rendered":"<p>Barrio Am\u00f3n, en el centro de San Jos\u00e9, es una ubicaci\u00f3n ideal para proyectos que buscan un ambiente hist\u00f3rico con car\u00e1cter urbano. Sus casas victorianas, neocl\u00e1sicas y ecl\u00e9cticas, calles arboladas y fachadas ornamentadas ofrecen un ambiente visualmente rico para narrativas de \u00e9poca o inspiradas en la localidad. Su valor patrimonial y versatilidad lo hacen perfecto para entornos culturales, residenciales o art\u00edsticos.<\/p>\n","protected":false},"featured_media":6461,"template":"","meta":{"_acf_changed":false},"region-costa-rica":[16],"class_list":["post-6454","location","type-location","status-publish","has-post-thumbnail","hentry","region-costa-rica-central"],"acf":[],"yoast_head":"<!-- This site is optimized with the Yoast SEO plugin v25.5 - https:\/\/yoast.com\/wordpress\/plugins\/seo\/ -->\n<title>Barrio Am\u00f3n - Film Commission<\/title>\n<meta name=\"robots\" content=\"index, follow, max-snippet:-1, max-image-preview:large, max-video-preview:-1\" \/>\n<link rel=\"canonical\" href=\"https:\/\/www.costaricafilmcommission.org\/es\/?location=barrio-amon\" \/>\n<meta property=\"og:locale\" content=\"es_ES\" \/>\n<meta property=\"og:type\" content=\"article\" \/>\n<meta property=\"og:title\" content=\"Barrio Am\u00f3n - Film Commission\" \/>\n<meta property=\"og:description\" content=\"Barrio Am\u00f3n, en el centro de San Jos\u00e9, es una ubicaci\u00f3n ideal para proyectos que buscan un ambiente hist\u00f3rico con car\u00e1cter urbano. Sus casas victorianas, neocl\u00e1sicas y ecl\u00e9cticas, calles arboladas y fachadas ornamentadas ofrecen un ambiente visualmente rico para narrativas de \u00e9poca o inspiradas en la localidad. Su valor patrimonial y versatilidad lo hacen perfecto [&hellip;]\" \/>\n<meta property=\"og:url\" content=\"https:\/\/www.costaricafilmcommission.org\/es\/?location=barrio-amon\" \/>\n<meta property=\"og:site_name\" content=\"Film Commission\" \/>\n<meta property=\"article:publisher\" content=\"https:\/\/www.facebook.com\/CRFilmCommission\/\" \/>\n<meta property=\"article:modified_time\" content=\"2026-01-26T14:14:12+00:00\" \/>\n<meta property=\"og:image\" content=\"https:\/\/www.costaricafilmcommission.org\/wp-content\/uploads\/2025\/11\/BARRIO_AMON_Principal-scaled.jpg\" \/>\n\t<meta property=\"og:image:width\" content=\"2560\" \/>\n\t<meta property=\"og:image:height\" content=\"1209\" \/>\n\t<meta property=\"og:image:type\" content=\"image\/jpeg\" \/>\n<meta name=\"twitter:card\" content=\"summary_large_image\" \/>\n<script type=\"application\/ld+json\" class=\"yoast-schema-graph\">{\"@context\":\"https:\/\/schema.org\",\"@graph\":[{\"@type\":\"WebPage\",\"@id\":\"https:\/\/www.costaricafilmcommission.org\/es\/?location=barrio-amon\",\"url\":\"https:\/\/www.costaricafilmcommission.org\/es\/?location=barrio-amon\",\"name\":\"Barrio Am\u00f3n - Film Commission\",\"isPartOf\":{\"@id\":\"https:\/\/www.costaricafilmcommission.org\/es\/#website\"},\"primaryImageOfPage\":{\"@id\":\"https:\/\/www.costaricafilmcommission.org\/es\/?location=barrio-amon#primaryimage\"},\"image\":{\"@id\":\"https:\/\/www.costaricafilmcommission.org\/es\/?location=barrio-amon#primaryimage\"},\"thumbnailUrl\":\"https:\/\/www.costaricafilmcommission.org\/wp-content\/uploads\/2025\/11\/BARRIO_AMON_Principal-scaled.jpg\",\"datePublished\":\"2025-11-04T21:56:31+00:00\",\"dateModified\":\"2026-01-26T14:14:12+00:00\",\"breadcrumb\":{\"@id\":\"https:\/\/www.costaricafilmcommission.org\/es\/?location=barrio-amon#breadcrumb\"},\"inLanguage\":\"es\",\"potentialAction\":[{\"@type\":\"ReadAction\",\"target\":[\"https:\/\/www.costaricafilmcommission.org\/es\/?location=barrio-amon\"]}]},{\"@type\":\"ImageObject\",\"inLanguage\":\"es\",\"@id\":\"https:\/\/www.costaricafilmcommission.org\/es\/?location=barrio-amon#primaryimage\",\"url\":\"https:\/\/www.costaricafilmcommission.org\/wp-content\/uploads\/2025\/11\/BARRIO_AMON_Principal-scaled.jpg\",\"contentUrl\":\"https:\/\/www.costaricafilmcommission.org\/wp-content\/uploads\/2025\/11\/BARRIO_AMON_Principal-scaled.jpg\",\"width\":2560,\"height\":1209},{\"@type\":\"BreadcrumbList\",\"@id\":\"https:\/\/www.costaricafilmcommission.org\/es\/?location=barrio-amon#breadcrumb\",\"itemListElement\":[{\"@type\":\"ListItem\",\"position\":1,\"name\":\"Portada\",\"item\":\"https:\/\/www.costaricafilmcommission.org\/es\/\"},{\"@type\":\"ListItem\",\"position\":2,\"name\":\"Barrio Am\u00f3n\"}]},{\"@type\":\"WebSite\",\"@id\":\"https:\/\/www.costaricafilmcommission.org\/es\/#website\",\"url\":\"https:\/\/www.costaricafilmcommission.org\/es\/\",\"name\":\"Film Commission\",\"description\":\"Film Commission Website\",\"publisher\":{\"@id\":\"https:\/\/www.costaricafilmcommission.org\/es\/#organization\"},\"potentialAction\":[{\"@type\":\"SearchAction\",\"target\":{\"@type\":\"EntryPoint\",\"urlTemplate\":\"https:\/\/www.costaricafilmcommission.org\/es\/?s={search_term_string}\"},\"query-input\":{\"@type\":\"PropertyValueSpecification\",\"valueRequired\":true,\"valueName\":\"search_term_string\"}}],\"inLanguage\":\"es\"},{\"@type\":\"Organization\",\"@id\":\"https:\/\/www.costaricafilmcommission.org\/es\/#organization\",\"name\":\"Film Commission\",\"url\":\"https:\/\/www.costaricafilmcommission.org\/es\/\",\"logo\":{\"@type\":\"ImageObject\",\"inLanguage\":\"es\",\"@id\":\"https:\/\/www.costaricafilmcommission.org\/es\/#\/schema\/logo\/image\/\",\"url\":\"https:\/\/www.costaricafilmcommission.org\/wp-content\/uploads\/2026\/01\/CF_Blanco-2.png\",\"contentUrl\":\"https:\/\/www.costaricafilmcommission.org\/wp-content\/uploads\/2026\/01\/CF_Blanco-2.png\",\"width\":93,\"height\":40,\"caption\":\"Film Commission\"},\"image\":{\"@id\":\"https:\/\/www.costaricafilmcommission.org\/es\/#\/schema\/logo\/image\/\"},\"sameAs\":[\"https:\/\/www.facebook.com\/CRFilmCommission\/\"]}]}<\/script>\n<!-- \/ Yoast SEO plugin. -->","yoast_head_json":{"title":"Barrio Am\u00f3n - Film Commission","robots":{"index":"index","follow":"follow","max-snippet":"max-snippet:-1","max-image-preview":"max-image-preview:large","max-video-preview":"max-video-preview:-1"},"canonical":"https:\/\/www.costaricafilmcommission.org\/es\/?location=barrio-amon","og_locale":"es_ES","og_type":"article","og_title":"Barrio Am\u00f3n - Film Commission","og_description":"Barrio Am\u00f3n, en el centro de San Jos\u00e9, es una ubicaci\u00f3n ideal para proyectos que buscan un ambiente hist\u00f3rico con car\u00e1cter urbano. Sus casas victorianas, neocl\u00e1sicas y ecl\u00e9cticas, calles arboladas y fachadas ornamentadas ofrecen un ambiente visualmente rico para narrativas de \u00e9poca o inspiradas en la localidad. Su valor patrimonial y versatilidad lo hacen perfecto [&hellip;]","og_url":"https:\/\/www.costaricafilmcommission.org\/es\/?location=barrio-amon","og_site_name":"Film Commission","article_publisher":"https:\/\/www.facebook.com\/CRFilmCommission\/","article_modified_time":"2026-01-26T14:14:12+00:00","og_image":[{"width":2560,"height":1209,"url":"https:\/\/www.costaricafilmcommission.org\/wp-content\/uploads\/2025\/11\/BARRIO_AMON_Principal-scaled.jpg","type":"image\/jpeg"}],"twitter_card":"summary_large_image","schema":{"@context":"https:\/\/schema.org","@graph":[{"@type":"WebPage","@id":"https:\/\/www.costaricafilmcommission.org\/es\/?location=barrio-amon","url":"https:\/\/www.costaricafilmcommission.org\/es\/?location=barrio-amon","name":"Barrio Am\u00f3n - Film Commission","isPartOf":{"@id":"https:\/\/www.costaricafilmcommission.org\/es\/#website"},"primaryImageOfPage":{"@id":"https:\/\/www.costaricafilmcommission.org\/es\/?location=barrio-amon#primaryimage"},"image":{"@id":"https:\/\/www.costaricafilmcommission.org\/es\/?location=barrio-amon#primaryimage"},"thumbnailUrl":"https:\/\/www.costaricafilmcommission.org\/wp-content\/uploads\/2025\/11\/BARRIO_AMON_Principal-scaled.jpg","datePublished":"2025-11-04T21:56:31+00:00","dateModified":"2026-01-26T14:14:12+00:00","breadcrumb":{"@id":"https:\/\/www.costaricafilmcommission.org\/es\/?location=barrio-amon#breadcrumb"},"inLanguage":"es","potentialAction":[{"@type":"ReadAction","target":["https:\/\/www.costaricafilmcommission.org\/es\/?location=barrio-amon"]}]},{"@type":"ImageObject","inLanguage":"es","@id":"https:\/\/www.costaricafilmcommission.org\/es\/?location=barrio-amon#primaryimage","url":"https:\/\/www.costaricafilmcommission.org\/wp-content\/uploads\/2025\/11\/BARRIO_AMON_Principal-scaled.jpg","contentUrl":"https:\/\/www.costaricafilmcommission.org\/wp-content\/uploads\/2025\/11\/BARRIO_AMON_Principal-scaled.jpg","width":2560,"height":1209},{"@type":"BreadcrumbList","@id":"https:\/\/www.costaricafilmcommission.org\/es\/?location=barrio-amon#breadcrumb","itemListElement":[{"@type":"ListItem","position":1,"name":"Portada","item":"https:\/\/www.costaricafilmcommission.org\/es\/"},{"@type":"ListItem","position":2,"name":"Barrio Am\u00f3n"}]},{"@type":"WebSite","@id":"https:\/\/www.costaricafilmcommission.org\/es\/#website","url":"https:\/\/www.costaricafilmcommission.org\/es\/","name":"Film Commission","description":"Film Commission Website","publisher":{"@id":"https:\/\/www.costaricafilmcommission.org\/es\/#organization"},"potentialAction":[{"@type":"SearchAction","target":{"@type":"EntryPoint","urlTemplate":"https:\/\/www.costaricafilmcommission.org\/es\/?s={search_term_string}"},"query-input":{"@type":"PropertyValueSpecification","valueRequired":true,"valueName":"search_term_string"}}],"inLanguage":"es"},{"@type":"Organization","@id":"https:\/\/www.costaricafilmcommission.org\/es\/#organization","name":"Film Commission","url":"https:\/\/www.costaricafilmcommission.org\/es\/","logo":{"@type":"ImageObject","inLanguage":"es","@id":"https:\/\/www.costaricafilmcommission.org\/es\/#\/schema\/logo\/image\/","url":"https:\/\/www.costaricafilmcommission.org\/wp-content\/uploads\/2026\/01\/CF_Blanco-2.png","contentUrl":"https:\/\/www.costaricafilmcommission.org\/wp-content\/uploads\/2026\/01\/CF_Blanco-2.png","width":93,"height":40,"caption":"Film Commission"},"image":{"@id":"https:\/\/www.costaricafilmcommission.org\/es\/#\/schema\/logo\/image\/"},"sameAs":["https:\/\/www.facebook.com\/CRFilmCommission\/"]}]}},"_links":{"self":[{"href":"https:\/\/www.costaricafilmcommission.org\/es\/wp-json\/wp\/v2\/location\/6454","targetHints":{"allow":["GET"]}}],"collection":[{"href":"https:\/\/www.costaricafilmcommission.org\/es\/wp-json\/wp\/v2\/location"}],"about":[{"href":"https:\/\/www.costaricafilmcommission.org\/es\/wp-json\/wp\/v2\/types\/location"}],"wp:featuredmedia":[{"embeddable":true,"href":"https:\/\/www.costaricafilmcommission.org\/es\/wp-json\/wp\/v2\/media\/6461"}],"wp:attachment":[{"href":"https:\/\/www.costaricafilmcommission.org\/es\/wp-json\/wp\/v2\/media?parent=6454"}],"wp:term":[{"taxonomy":"region-costa-rica","embeddable":true,"href":"https:\/\/www.costaricafilmcommission.org\/es\/wp-json\/wp\/v2\/region-costa-rica?post=6454"}],"curies":[{"name":"wp","href":"https:\/\/api.w.org\/{rel}","templated":true}]}}

Barrio Amón

<p>Barrio Amón, en el centro de San José, es una ubicación ideal para proyectos que buscan un ambiente histórico con carácter urbano. Sus casas victorianas, neoclásicas y eclécticas, calles arboladas y fachadas ornamentadas ofrecen un ambiente visualmente rico para narrativas de época o inspiradas en la localidad. Su valor patrimonial y versatilidad lo hacen perfecto para entornos culturales, residenciales o artísticos.</p>

<!-- This site is optimized with the Yoast SEO plugin v25.5 - https://yoast.com/wordpress/plugins/seo/ -->
<title>Barrio Amón - Film Commission</title>
<meta name="robots" content="index, follow, max-snippet:-1, max-image-preview:large, max-video-preview:-1" />
<link rel="canonical" href="https://www.costaricafilmcommission.org/es/?location=barrio-amon" />
<meta property="og:locale" content="es_ES" />
<meta property="og:type" content="article" />
<meta property="og:title" content="Barrio Amón - Film Commission" />
<meta property="og:description" content="Barrio Amón, en el centro de San José, es una ubicación ideal para proyectos que buscan un ambiente histórico con carácter urbano. Sus casas victorianas, neoclásicas y eclécticas, calles arboladas y fachadas ornamentadas ofrecen un ambiente visualmente rico para narrativas de época o inspiradas en la localidad. Su valor patrimonial y versatilidad lo hacen perfecto [&hellip;]" />
<meta property="og:url" content="https://www.costaricafilmcommission.org/es/?location=barrio-amon" />
<meta property="og:site_name" content="Film Commission" />
<meta property="article:publisher" content="https://www.facebook.com/CRFilmCommission/" />
<meta property="article:modified_time" content="2026-01-26T14:14:12+00:00" />
<meta property="og:image" content="https://www.costaricafilmcommission.org/wp-content/uploads/2025/11/BARRIO_AMON_Principal-scaled.jpg" />
	<meta property="og:image:width" content="2560" />
	<meta property="og:image:height" content="1209" />
	<meta property="og:image:type" content="image/jpeg" />
<meta name="twitter:card" content="summary_large_image" />
<script type="application/ld+json" class="yoast-schema-graph">{"@context":"https://schema.org","@graph":[{"@type":"WebPage","@id":"https://www.costaricafilmcommission.org/es/?location=barrio-amon","url":"https://www.costaricafilmcommission.org/es/?location=barrio-amon","name":"Barrio Amón - Film Commission","isPartOf":{"@id":"https://www.costaricafilmcommission.org/es/#website"},"primaryImageOfPage":{"@id":"https://www.costaricafilmcommission.org/es/?location=barrio-amon#primaryimage"},"image":{"@id":"https://www.costaricafilmcommission.org/es/?location=barrio-amon#primaryimage"},"thumbnailUrl":"https://www.costaricafilmcommission.org/wp-content/uploads/2025/11/BARRIO_AMON_Principal-scaled.jpg","datePublished":"2025-11-04T21:56:31+00:00","dateModified":"2026-01-26T14:14:12+00:00","breadcrumb":{"@id":"https://www.costaricafilmcommission.org/es/?location=barrio-amon#breadcrumb"},"inLanguage":"es","potentialAction":[{"@type":"ReadAction","target":["https://www.costaricafilmcommission.org/es/?location=barrio-amon"]}]},{"@type":"ImageObject","inLanguage":"es","@id":"https://www.costaricafilmcommission.org/es/?location=barrio-amon#primaryimage","url":"https://www.costaricafilmcommission.org/wp-content/uploads/2025/11/BARRIO_AMON_Principal-scaled.jpg","contentUrl":"https://www.costaricafilmcommission.org/wp-content/uploads/2025/11/BARRIO_AMON_Principal-scaled.jpg","width":2560,"height":1209},{"@type":"BreadcrumbList","@id":"https://www.costaricafilmcommission.org/es/?location=barrio-amon#breadcrumb","itemListElement":[{"@type":"ListItem","position":1,"name":"Portada","item":"https://www.costaricafilmcommission.org/es/"},{"@type":"ListItem","position":2,"name":"Barrio Amón"}]},{"@type":"WebSite","@id":"https://www.costaricafilmcommission.org/es/#website","url":"https://www.costaricafilmcommission.org/es/","name":"Film Commission","description":"Film Commission Website","publisher":{"@id":"https://www.costaricafilmcommission.org/es/#organization"},"potentialAction":[{"@type":"SearchAction","target":{"@type":"EntryPoint","urlTemplate":"https://www.costaricafilmcommission.org/es/?s={search_term_string}"},"query-input":{"@type":"PropertyValueSpecification","valueRequired":true,"valueName":"search_term_string"}}],"inLanguage":"es"},{"@type":"Organization","@id":"https://www.costaricafilmcommission.org/es/#organization","name":"Film Commission","url":"https://www.costaricafilmcommission.org/es/","logo":{"@type":"ImageObject","inLanguage":"es","@id":"https://www.costaricafilmcommission.org/es/#/schema/logo/image/","url":"https://www.costaricafilmcommission.org/wp-content/uploads/2026/01/CF_Blanco-2.png","contentUrl":"https://www.costaricafilmcommission.org/wp-content/uploads/2026/01/CF_Blanco-2.png","width":93,"height":40,"caption":"Film Commission"},"image":{"@id":"https://www.costaricafilmcommission.org/es/#/schema/logo/image/"},"sameAs":["https://www.facebook.com/CRFilmCommission/"]}]}</script>
<!-- / Yoast SEO plugin. -->

Barrio Amón - Film Commission

Barrio Amón, en el centro de San José, es una ubicación ideal para proyectos que buscan un ambiente histórico con carácter urbano. Sus casas victorianas, neoclásicas y eclécticas, calles arboladas y fachadas ornamentadas ofrecen un ambiente visualmente rico para narrativas de época o inspiradas en la localidad. Su valor patrimonial y versatilidad lo hacen perfecto [&hellip;]
