{"id":6554,"date":"2025-11-04T21:44:42","date_gmt":"2025-11-04T21:44:42","guid":{"rendered":"https:\/\/www.costaricafilmcommission.org\/?location=campamento-vista-del-valle"},"modified":"2026-01-26T14:14:43","modified_gmt":"2026-01-26T14:14:43","slug":"campamento-vista-del-valle","status":"publish","type":"location","link":"https:\/\/www.costaricafilmcommission.org\/es\/?location=campamento-vista-del-valle","title":{"rendered":"Campamento Vista Del Valle"},"content":{"rendered":"<p>Somos un hotel de monta\u00f1a ideal para retiros grupales, ubicado en las laderas del Volc\u00e1n Po\u00e1s en un ambiente fresco rodeado de naturaleza. Contamos con caba\u00f1as con capacidad para hasta 112 personas, salones de eventos y comedores, \u00e1reas deportivas (f\u00fatbol, baloncesto), piscina bajo techo, espacios verdes, senderos, zonas de barbacoa, \u00e1reas de fogatas y parques infantiles. Proporcionamos todas las instalaciones necesarias para actividades como retiros, campamentos, bodas, eventos familiares, caminatas, din\u00e1micas de grupo y m\u00e1s, con servicios que incluyen Wi-Fi, una central el\u00e9ctrica, agua potable y un amplio estacionamiento. Un espacio vers\u00e1til para conectar con la naturaleza y compartir en comunidad.<\/p>\n","protected":false},"featured_media":6558,"template":"","meta":{"_acf_changed":false},"region-costa-rica":[19],"class_list":["post-6554","location","type-location","status-publish","has-post-thumbnail","hentry","region-costa-rica-occidente"],"acf":[],"yoast_head":"<!-- This site is optimized with the Yoast SEO plugin v25.5 - https:\/\/yoast.com\/wordpress\/plugins\/seo\/ -->\n<title>Campamento Vista Del Valle - Film Commission<\/title>\n<meta name=\"robots\" content=\"index, follow, max-snippet:-1, max-image-preview:large, max-video-preview:-1\" \/>\n<link rel=\"canonical\" href=\"https:\/\/www.costaricafilmcommission.org\/es\/?location=campamento-vista-del-valle\" \/>\n<meta property=\"og:locale\" content=\"es_ES\" \/>\n<meta property=\"og:type\" content=\"article\" \/>\n<meta property=\"og:title\" content=\"Campamento Vista Del Valle - Film Commission\" \/>\n<meta property=\"og:description\" content=\"Somos un hotel de monta\u00f1a ideal para retiros grupales, ubicado en las laderas del Volc\u00e1n Po\u00e1s en un ambiente fresco rodeado de naturaleza. Contamos con caba\u00f1as con capacidad para hasta 112 personas, salones de eventos y comedores, \u00e1reas deportivas (f\u00fatbol, baloncesto), piscina bajo techo, espacios verdes, senderos, zonas de barbacoa, \u00e1reas de fogatas y parques [&hellip;]\" \/>\n<meta property=\"og:url\" content=\"https:\/\/www.costaricafilmcommission.org\/es\/?location=campamento-vista-del-valle\" \/>\n<meta property=\"og:site_name\" content=\"Film Commission\" \/>\n<meta property=\"article:publisher\" content=\"https:\/\/www.facebook.com\/CRFilmCommission\/\" \/>\n<meta property=\"article:modified_time\" content=\"2026-01-26T14:14:43+00:00\" \/>\n<meta property=\"og:image\" content=\"https:\/\/www.costaricafilmcommission.org\/wp-content\/uploads\/2025\/11\/Campamento_Vista_Del_Valle_Principal.jpeg\" \/>\n\t<meta property=\"og:image:width\" content=\"1500\" \/>\n\t<meta property=\"og:image:height\" content=\"1000\" \/>\n\t<meta property=\"og:image:type\" content=\"image\/jpeg\" \/>\n<meta name=\"twitter:card\" content=\"summary_large_image\" \/>\n<meta name=\"twitter:label1\" content=\"Tiempo de lectura\" \/>\n\t<meta name=\"twitter:data1\" content=\"1 minuto\" \/>\n<script type=\"application\/ld+json\" class=\"yoast-schema-graph\">{\"@context\":\"https:\/\/schema.org\",\"@graph\":[{\"@type\":\"WebPage\",\"@id\":\"https:\/\/www.costaricafilmcommission.org\/es\/?location=campamento-vista-del-valle\",\"url\":\"https:\/\/www.costaricafilmcommission.org\/es\/?location=campamento-vista-del-valle\",\"name\":\"Campamento Vista Del Valle - Film Commission\",\"isPartOf\":{\"@id\":\"https:\/\/www.costaricafilmcommission.org\/es\/#website\"},\"primaryImageOfPage\":{\"@id\":\"https:\/\/www.costaricafilmcommission.org\/es\/?location=campamento-vista-del-valle#primaryimage\"},\"image\":{\"@id\":\"https:\/\/www.costaricafilmcommission.org\/es\/?location=campamento-vista-del-valle#primaryimage\"},\"thumbnailUrl\":\"https:\/\/www.costaricafilmcommission.org\/wp-content\/uploads\/2025\/11\/Campamento_Vista_Del_Valle_Principal.jpeg\",\"datePublished\":\"2025-11-04T21:44:42+00:00\",\"dateModified\":\"2026-01-26T14:14:43+00:00\",\"breadcrumb\":{\"@id\":\"https:\/\/www.costaricafilmcommission.org\/es\/?location=campamento-vista-del-valle#breadcrumb\"},\"inLanguage\":\"es\",\"potentialAction\":[{\"@type\":\"ReadAction\",\"target\":[\"https:\/\/www.costaricafilmcommission.org\/es\/?location=campamento-vista-del-valle\"]}]},{\"@type\":\"ImageObject\",\"inLanguage\":\"es\",\"@id\":\"https:\/\/www.costaricafilmcommission.org\/es\/?location=campamento-vista-del-valle#primaryimage\",\"url\":\"https:\/\/www.costaricafilmcommission.org\/wp-content\/uploads\/2025\/11\/Campamento_Vista_Del_Valle_Principal.jpeg\",\"contentUrl\":\"https:\/\/www.costaricafilmcommission.org\/wp-content\/uploads\/2025\/11\/Campamento_Vista_Del_Valle_Principal.jpeg\",\"width\":1500,\"height\":1000},{\"@type\":\"BreadcrumbList\",\"@id\":\"https:\/\/www.costaricafilmcommission.org\/es\/?location=campamento-vista-del-valle#breadcrumb\",\"itemListElement\":[{\"@type\":\"ListItem\",\"position\":1,\"name\":\"Portada\",\"item\":\"https:\/\/www.costaricafilmcommission.org\/es\/\"},{\"@type\":\"ListItem\",\"position\":2,\"name\":\"Campamento Vista Del Valle\"}]},{\"@type\":\"WebSite\",\"@id\":\"https:\/\/www.costaricafilmcommission.org\/es\/#website\",\"url\":\"https:\/\/www.costaricafilmcommission.org\/es\/\",\"name\":\"Film Commission\",\"description\":\"Film Commission Website\",\"publisher\":{\"@id\":\"https:\/\/www.costaricafilmcommission.org\/es\/#organization\"},\"potentialAction\":[{\"@type\":\"SearchAction\",\"target\":{\"@type\":\"EntryPoint\",\"urlTemplate\":\"https:\/\/www.costaricafilmcommission.org\/es\/?s={search_term_string}\"},\"query-input\":{\"@type\":\"PropertyValueSpecification\",\"valueRequired\":true,\"valueName\":\"search_term_string\"}}],\"inLanguage\":\"es\"},{\"@type\":\"Organization\",\"@id\":\"https:\/\/www.costaricafilmcommission.org\/es\/#organization\",\"name\":\"Film Commission\",\"url\":\"https:\/\/www.costaricafilmcommission.org\/es\/\",\"logo\":{\"@type\":\"ImageObject\",\"inLanguage\":\"es\",\"@id\":\"https:\/\/www.costaricafilmcommission.org\/es\/#\/schema\/logo\/image\/\",\"url\":\"https:\/\/www.costaricafilmcommission.org\/wp-content\/uploads\/2026\/01\/CF_Blanco-2.png\",\"contentUrl\":\"https:\/\/www.costaricafilmcommission.org\/wp-content\/uploads\/2026\/01\/CF_Blanco-2.png\",\"width\":93,\"height\":40,\"caption\":\"Film Commission\"},\"image\":{\"@id\":\"https:\/\/www.costaricafilmcommission.org\/es\/#\/schema\/logo\/image\/\"},\"sameAs\":[\"https:\/\/www.facebook.com\/CRFilmCommission\/\"]}]}<\/script>\n<!-- \/ Yoast SEO plugin. -->","yoast_head_json":{"title":"Campamento Vista Del Valle - Film Commission","robots":{"index":"index","follow":"follow","max-snippet":"max-snippet:-1","max-image-preview":"max-image-preview:large","max-video-preview":"max-video-preview:-1"},"canonical":"https:\/\/www.costaricafilmcommission.org\/es\/?location=campamento-vista-del-valle","og_locale":"es_ES","og_type":"article","og_title":"Campamento Vista Del Valle - Film Commission","og_description":"Somos un hotel de monta\u00f1a ideal para retiros grupales, ubicado en las laderas del Volc\u00e1n Po\u00e1s en un ambiente fresco rodeado de naturaleza. Contamos con caba\u00f1as con capacidad para hasta 112 personas, salones de eventos y comedores, \u00e1reas deportivas (f\u00fatbol, baloncesto), piscina bajo techo, espacios verdes, senderos, zonas de barbacoa, \u00e1reas de fogatas y parques [&hellip;]","og_url":"https:\/\/www.costaricafilmcommission.org\/es\/?location=campamento-vista-del-valle","og_site_name":"Film Commission","article_publisher":"https:\/\/www.facebook.com\/CRFilmCommission\/","article_modified_time":"2026-01-26T14:14:43+00:00","og_image":[{"width":1500,"height":1000,"url":"https:\/\/www.costaricafilmcommission.org\/wp-content\/uploads\/2025\/11\/Campamento_Vista_Del_Valle_Principal.jpeg","type":"image\/jpeg"}],"twitter_card":"summary_large_image","twitter_misc":{"Tiempo de lectura":"1 minuto"},"schema":{"@context":"https:\/\/schema.org","@graph":[{"@type":"WebPage","@id":"https:\/\/www.costaricafilmcommission.org\/es\/?location=campamento-vista-del-valle","url":"https:\/\/www.costaricafilmcommission.org\/es\/?location=campamento-vista-del-valle","name":"Campamento Vista Del Valle - Film Commission","isPartOf":{"@id":"https:\/\/www.costaricafilmcommission.org\/es\/#website"},"primaryImageOfPage":{"@id":"https:\/\/www.costaricafilmcommission.org\/es\/?location=campamento-vista-del-valle#primaryimage"},"image":{"@id":"https:\/\/www.costaricafilmcommission.org\/es\/?location=campamento-vista-del-valle#primaryimage"},"thumbnailUrl":"https:\/\/www.costaricafilmcommission.org\/wp-content\/uploads\/2025\/11\/Campamento_Vista_Del_Valle_Principal.jpeg","datePublished":"2025-11-04T21:44:42+00:00","dateModified":"2026-01-26T14:14:43+00:00","breadcrumb":{"@id":"https:\/\/www.costaricafilmcommission.org\/es\/?location=campamento-vista-del-valle#breadcrumb"},"inLanguage":"es","potentialAction":[{"@type":"ReadAction","target":["https:\/\/www.costaricafilmcommission.org\/es\/?location=campamento-vista-del-valle"]}]},{"@type":"ImageObject","inLanguage":"es","@id":"https:\/\/www.costaricafilmcommission.org\/es\/?location=campamento-vista-del-valle#primaryimage","url":"https:\/\/www.costaricafilmcommission.org\/wp-content\/uploads\/2025\/11\/Campamento_Vista_Del_Valle_Principal.jpeg","contentUrl":"https:\/\/www.costaricafilmcommission.org\/wp-content\/uploads\/2025\/11\/Campamento_Vista_Del_Valle_Principal.jpeg","width":1500,"height":1000},{"@type":"BreadcrumbList","@id":"https:\/\/www.costaricafilmcommission.org\/es\/?location=campamento-vista-del-valle#breadcrumb","itemListElement":[{"@type":"ListItem","position":1,"name":"Portada","item":"https:\/\/www.costaricafilmcommission.org\/es\/"},{"@type":"ListItem","position":2,"name":"Campamento Vista Del Valle"}]},{"@type":"WebSite","@id":"https:\/\/www.costaricafilmcommission.org\/es\/#website","url":"https:\/\/www.costaricafilmcommission.org\/es\/","name":"Film Commission","description":"Film Commission Website","publisher":{"@id":"https:\/\/www.costaricafilmcommission.org\/es\/#organization"},"potentialAction":[{"@type":"SearchAction","target":{"@type":"EntryPoint","urlTemplate":"https:\/\/www.costaricafilmcommission.org\/es\/?s={search_term_string}"},"query-input":{"@type":"PropertyValueSpecification","valueRequired":true,"valueName":"search_term_string"}}],"inLanguage":"es"},{"@type":"Organization","@id":"https:\/\/www.costaricafilmcommission.org\/es\/#organization","name":"Film Commission","url":"https:\/\/www.costaricafilmcommission.org\/es\/","logo":{"@type":"ImageObject","inLanguage":"es","@id":"https:\/\/www.costaricafilmcommission.org\/es\/#\/schema\/logo\/image\/","url":"https:\/\/www.costaricafilmcommission.org\/wp-content\/uploads\/2026\/01\/CF_Blanco-2.png","contentUrl":"https:\/\/www.costaricafilmcommission.org\/wp-content\/uploads\/2026\/01\/CF_Blanco-2.png","width":93,"height":40,"caption":"Film Commission"},"image":{"@id":"https:\/\/www.costaricafilmcommission.org\/es\/#\/schema\/logo\/image\/"},"sameAs":["https:\/\/www.facebook.com\/CRFilmCommission\/"]}]}},"_links":{"self":[{"href":"https:\/\/www.costaricafilmcommission.org\/es\/wp-json\/wp\/v2\/location\/6554","targetHints":{"allow":["GET"]}}],"collection":[{"href":"https:\/\/www.costaricafilmcommission.org\/es\/wp-json\/wp\/v2\/location"}],"about":[{"href":"https:\/\/www.costaricafilmcommission.org\/es\/wp-json\/wp\/v2\/types\/location"}],"wp:featuredmedia":[{"embeddable":true,"href":"https:\/\/www.costaricafilmcommission.org\/es\/wp-json\/wp\/v2\/media\/6558"}],"wp:attachment":[{"href":"https:\/\/www.costaricafilmcommission.org\/es\/wp-json\/wp\/v2\/media?parent=6554"}],"wp:term":[{"taxonomy":"region-costa-rica","embeddable":true,"href":"https:\/\/www.costaricafilmcommission.org\/es\/wp-json\/wp\/v2\/region-costa-rica?post=6554"}],"curies":[{"name":"wp","href":"https:\/\/api.w.org\/{rel}","templated":true}]}}

<p>Somos un hotel de montaña ideal para retiros grupales, ubicado en las laderas del Volcán Poás en un ambiente fresco rodeado de naturaleza. Contamos con cabañas con capacidad para hasta 112 personas, salones de eventos y comedores, áreas deportivas (fútbol, baloncesto), piscina bajo techo, espacios verdes, senderos, zonas de barbacoa, áreas de fogatas y parques infantiles. Proporcionamos todas las instalaciones necesarias para actividades como retiros, campamentos, bodas, eventos familiares, caminatas, dinámicas de grupo y más, con servicios que incluyen Wi-Fi, una central eléctrica, agua potable y un amplio estacionamiento. Un espacio versátil para conectar con la naturaleza y compartir en comunidad.</p>

<!-- This site is optimized with the Yoast SEO plugin v25.5 - https://yoast.com/wordpress/plugins/seo/ -->
<title>Campamento Vista Del Valle - Film Commission</title>
<meta name="robots" content="index, follow, max-snippet:-1, max-image-preview:large, max-video-preview:-1" />
<link rel="canonical" href="https://www.costaricafilmcommission.org/es/?location=campamento-vista-del-valle" />
<meta property="og:locale" content="es_ES" />
<meta property="og:type" content="article" />
<meta property="og:title" content="Campamento Vista Del Valle - Film Commission" />
<meta property="og:description" content="Somos un hotel de montaña ideal para retiros grupales, ubicado en las laderas del Volcán Poás en un ambiente fresco rodeado de naturaleza. Contamos con cabañas con capacidad para hasta 112 personas, salones de eventos y comedores, áreas deportivas (fútbol, baloncesto), piscina bajo techo, espacios verdes, senderos, zonas de barbacoa, áreas de fogatas y parques [&hellip;]" />
<meta property="og:url" content="https://www.costaricafilmcommission.org/es/?location=campamento-vista-del-valle" />
<meta property="og:site_name" content="Film Commission" />
<meta property="article:publisher" content="https://www.facebook.com/CRFilmCommission/" />
<meta property="article:modified_time" content="2026-01-26T14:14:43+00:00" />
<meta property="og:image" content="https://www.costaricafilmcommission.org/wp-content/uploads/2025/11/Campamento_Vista_Del_Valle_Principal.jpeg" />
	<meta property="og:image:width" content="1500" />
	<meta property="og:image:height" content="1000" />
	<meta property="og:image:type" content="image/jpeg" />
<meta name="twitter:card" content="summary_large_image" />
<meta name="twitter:label1" content="Tiempo de lectura" />
	<meta name="twitter:data1" content="1 minuto" />
<script type="application/ld+json" class="yoast-schema-graph">{"@context":"https://schema.org","@graph":[{"@type":"WebPage","@id":"https://www.costaricafilmcommission.org/es/?location=campamento-vista-del-valle","url":"https://www.costaricafilmcommission.org/es/?location=campamento-vista-del-valle","name":"Campamento Vista Del Valle - Film Commission","isPartOf":{"@id":"https://www.costaricafilmcommission.org/es/#website"},"primaryImageOfPage":{"@id":"https://www.costaricafilmcommission.org/es/?location=campamento-vista-del-valle#primaryimage"},"image":{"@id":"https://www.costaricafilmcommission.org/es/?location=campamento-vista-del-valle#primaryimage"},"thumbnailUrl":"https://www.costaricafilmcommission.org/wp-content/uploads/2025/11/Campamento_Vista_Del_Valle_Principal.jpeg","datePublished":"2025-11-04T21:44:42+00:00","dateModified":"2026-01-26T14:14:43+00:00","breadcrumb":{"@id":"https://www.costaricafilmcommission.org/es/?location=campamento-vista-del-valle#breadcrumb"},"inLanguage":"es","potentialAction":[{"@type":"ReadAction","target":["https://www.costaricafilmcommission.org/es/?location=campamento-vista-del-valle"]}]},{"@type":"ImageObject","inLanguage":"es","@id":"https://www.costaricafilmcommission.org/es/?location=campamento-vista-del-valle#primaryimage","url":"https://www.costaricafilmcommission.org/wp-content/uploads/2025/11/Campamento_Vista_Del_Valle_Principal.jpeg","contentUrl":"https://www.costaricafilmcommission.org/wp-content/uploads/2025/11/Campamento_Vista_Del_Valle_Principal.jpeg","width":1500,"height":1000},{"@type":"BreadcrumbList","@id":"https://www.costaricafilmcommission.org/es/?location=campamento-vista-del-valle#breadcrumb","itemListElement":[{"@type":"ListItem","position":1,"name":"Portada","item":"https://www.costaricafilmcommission.org/es/"},{"@type":"ListItem","position":2,"name":"Campamento Vista Del Valle"}]},{"@type":"WebSite","@id":"https://www.costaricafilmcommission.org/es/#website","url":"https://www.costaricafilmcommission.org/es/","name":"Film Commission","description":"Film Commission Website","publisher":{"@id":"https://www.costaricafilmcommission.org/es/#organization"},"potentialAction":[{"@type":"SearchAction","target":{"@type":"EntryPoint","urlTemplate":"https://www.costaricafilmcommission.org/es/?s={search_term_string}"},"query-input":{"@type":"PropertyValueSpecification","valueRequired":true,"valueName":"search_term_string"}}],"inLanguage":"es"},{"@type":"Organization","@id":"https://www.costaricafilmcommission.org/es/#organization","name":"Film Commission","url":"https://www.costaricafilmcommission.org/es/","logo":{"@type":"ImageObject","inLanguage":"es","@id":"https://www.costaricafilmcommission.org/es/#/schema/logo/image/","url":"https://www.costaricafilmcommission.org/wp-content/uploads/2026/01/CF_Blanco-2.png","contentUrl":"https://www.costaricafilmcommission.org/wp-content/uploads/2026/01/CF_Blanco-2.png","width":93,"height":40,"caption":"Film Commission"},"image":{"@id":"https://www.costaricafilmcommission.org/es/#/schema/logo/image/"},"sameAs":["https://www.facebook.com/CRFilmCommission/"]}]}</script>
<!-- / Yoast SEO plugin. -->

Somos un hotel de montaña ideal para retiros grupales, ubicado en las laderas del Volcán Poás en un ambiente fresco rodeado de naturaleza. Contamos con cabañas con capacidad para hasta 112 personas, salones de eventos y comedores, áreas deportivas (fútbol, baloncesto), piscina bajo techo, espacios verdes, senderos, zonas de barbacoa, áreas de fogatas y parques [&hellip;]
