{"id":6844,"date":"2025-11-04T21:56:31","date_gmt":"2025-11-04T21:56:31","guid":{"rendered":"https:\/\/www.costaricafilmcommission.org\/?location=ermita-el-salvador"},"modified":"2026-01-26T14:15:51","modified_gmt":"2026-01-26T14:15:51","slug":"ermita-el-salvador","status":"publish","type":"location","link":"https:\/\/www.costaricafilmcommission.org\/es\/?location=ermita-el-salvador","title":{"rendered":"Ermita El Salvador"},"content":{"rendered":"<p>El Salvador de Piedades Sur de San Ram\u00f3n se ubica en la ladera occidental de los Montes del Aguacate, en una zona de alta riqueza natural y paisaj\u00edstica. El entorno se caracteriza por su vegetaci\u00f3n diversa y la presencia de fauna silvestre como venados, coyotes, sa\u00ednos, tapires, pizotes, pavones, tepezcuintles y primates, integrada a pastizales de calinguero y jaragua con \u00e1rboles maderables, frutales y ornamentales cubiertos de bromelias, orqu\u00eddeas y ep\u00edfitas.  La abundancia de especies nectar\u00edferas y floraciones favorece la presencia de numerosos apiarios, aportando un car\u00e1cter productivo y visual \u00fanico. La locaci\u00f3n se complementa con una ermita hist\u00f3rica, r\u00e9plica fiel de la original, que a\u00f1ade valor cultural y esc\u00e9nico al paisaje rural.<\/p>\n","protected":false},"featured_media":6853,"template":"","meta":{"_acf_changed":false},"region-costa-rica":[19],"class_list":["post-6844","location","type-location","status-publish","has-post-thumbnail","hentry","region-costa-rica-occidente"],"acf":[],"yoast_head":"<!-- This site is optimized with the Yoast SEO plugin v25.5 - https:\/\/yoast.com\/wordpress\/plugins\/seo\/ -->\n<title>Ermita El Salvador - Film Commission<\/title>\n<meta name=\"robots\" content=\"index, follow, max-snippet:-1, max-image-preview:large, max-video-preview:-1\" \/>\n<link rel=\"canonical\" href=\"https:\/\/www.costaricafilmcommission.org\/es\/?location=ermita-el-salvador\" \/>\n<meta property=\"og:locale\" content=\"es_ES\" \/>\n<meta property=\"og:type\" content=\"article\" \/>\n<meta property=\"og:title\" content=\"Ermita El Salvador - Film Commission\" \/>\n<meta property=\"og:description\" content=\"El Salvador de Piedades Sur de San Ram\u00f3n se ubica en la ladera occidental de los Montes del Aguacate, en una zona de alta riqueza natural y paisaj\u00edstica. El entorno se caracteriza por su vegetaci\u00f3n diversa y la presencia de fauna silvestre como venados, coyotes, sa\u00ednos, tapires, pizotes, pavones, tepezcuintles y primates, integrada a pastizales [&hellip;]\" \/>\n<meta property=\"og:url\" content=\"https:\/\/www.costaricafilmcommission.org\/es\/?location=ermita-el-salvador\" \/>\n<meta property=\"og:site_name\" content=\"Film Commission\" \/>\n<meta property=\"article:publisher\" content=\"https:\/\/www.facebook.com\/CRFilmCommission\/\" \/>\n<meta property=\"article:modified_time\" content=\"2026-01-26T14:15:51+00:00\" \/>\n<meta property=\"og:image\" content=\"https:\/\/www.costaricafilmcommission.org\/wp-content\/uploads\/2025\/11\/Ermita_El_Salvador_Principal-scaled.jpeg\" \/>\n\t<meta property=\"og:image:width\" content=\"2560\" \/>\n\t<meta property=\"og:image:height\" content=\"1986\" \/>\n\t<meta property=\"og:image:type\" content=\"image\/jpeg\" \/>\n<meta name=\"twitter:card\" content=\"summary_large_image\" \/>\n<meta name=\"twitter:label1\" content=\"Tiempo de lectura\" \/>\n\t<meta name=\"twitter:data1\" content=\"1 minuto\" \/>\n<script type=\"application\/ld+json\" class=\"yoast-schema-graph\">{\"@context\":\"https:\/\/schema.org\",\"@graph\":[{\"@type\":\"WebPage\",\"@id\":\"https:\/\/www.costaricafilmcommission.org\/es\/?location=ermita-el-salvador\",\"url\":\"https:\/\/www.costaricafilmcommission.org\/es\/?location=ermita-el-salvador\",\"name\":\"Ermita El Salvador - Film Commission\",\"isPartOf\":{\"@id\":\"https:\/\/www.costaricafilmcommission.org\/es\/#website\"},\"primaryImageOfPage\":{\"@id\":\"https:\/\/www.costaricafilmcommission.org\/es\/?location=ermita-el-salvador#primaryimage\"},\"image\":{\"@id\":\"https:\/\/www.costaricafilmcommission.org\/es\/?location=ermita-el-salvador#primaryimage\"},\"thumbnailUrl\":\"https:\/\/www.costaricafilmcommission.org\/wp-content\/uploads\/2025\/11\/Ermita_El_Salvador_Principal-scaled.jpeg\",\"datePublished\":\"2025-11-04T21:56:31+00:00\",\"dateModified\":\"2026-01-26T14:15:51+00:00\",\"breadcrumb\":{\"@id\":\"https:\/\/www.costaricafilmcommission.org\/es\/?location=ermita-el-salvador#breadcrumb\"},\"inLanguage\":\"es\",\"potentialAction\":[{\"@type\":\"ReadAction\",\"target\":[\"https:\/\/www.costaricafilmcommission.org\/es\/?location=ermita-el-salvador\"]}]},{\"@type\":\"ImageObject\",\"inLanguage\":\"es\",\"@id\":\"https:\/\/www.costaricafilmcommission.org\/es\/?location=ermita-el-salvador#primaryimage\",\"url\":\"https:\/\/www.costaricafilmcommission.org\/wp-content\/uploads\/2025\/11\/Ermita_El_Salvador_Principal-scaled.jpeg\",\"contentUrl\":\"https:\/\/www.costaricafilmcommission.org\/wp-content\/uploads\/2025\/11\/Ermita_El_Salvador_Principal-scaled.jpeg\",\"width\":2560,\"height\":1986},{\"@type\":\"BreadcrumbList\",\"@id\":\"https:\/\/www.costaricafilmcommission.org\/es\/?location=ermita-el-salvador#breadcrumb\",\"itemListElement\":[{\"@type\":\"ListItem\",\"position\":1,\"name\":\"Portada\",\"item\":\"https:\/\/www.costaricafilmcommission.org\/es\/\"},{\"@type\":\"ListItem\",\"position\":2,\"name\":\"Ermita El Salvador\"}]},{\"@type\":\"WebSite\",\"@id\":\"https:\/\/www.costaricafilmcommission.org\/es\/#website\",\"url\":\"https:\/\/www.costaricafilmcommission.org\/es\/\",\"name\":\"Film Commission\",\"description\":\"Film Commission Website\",\"publisher\":{\"@id\":\"https:\/\/www.costaricafilmcommission.org\/es\/#organization\"},\"potentialAction\":[{\"@type\":\"SearchAction\",\"target\":{\"@type\":\"EntryPoint\",\"urlTemplate\":\"https:\/\/www.costaricafilmcommission.org\/es\/?s={search_term_string}\"},\"query-input\":{\"@type\":\"PropertyValueSpecification\",\"valueRequired\":true,\"valueName\":\"search_term_string\"}}],\"inLanguage\":\"es\"},{\"@type\":\"Organization\",\"@id\":\"https:\/\/www.costaricafilmcommission.org\/es\/#organization\",\"name\":\"Film Commission\",\"url\":\"https:\/\/www.costaricafilmcommission.org\/es\/\",\"logo\":{\"@type\":\"ImageObject\",\"inLanguage\":\"es\",\"@id\":\"https:\/\/www.costaricafilmcommission.org\/es\/#\/schema\/logo\/image\/\",\"url\":\"https:\/\/www.costaricafilmcommission.org\/wp-content\/uploads\/2026\/01\/CF_Blanco-2.png\",\"contentUrl\":\"https:\/\/www.costaricafilmcommission.org\/wp-content\/uploads\/2026\/01\/CF_Blanco-2.png\",\"width\":93,\"height\":40,\"caption\":\"Film Commission\"},\"image\":{\"@id\":\"https:\/\/www.costaricafilmcommission.org\/es\/#\/schema\/logo\/image\/\"},\"sameAs\":[\"https:\/\/www.facebook.com\/CRFilmCommission\/\"]}]}<\/script>\n<!-- \/ Yoast SEO plugin. -->","yoast_head_json":{"title":"Ermita El Salvador - Film Commission","robots":{"index":"index","follow":"follow","max-snippet":"max-snippet:-1","max-image-preview":"max-image-preview:large","max-video-preview":"max-video-preview:-1"},"canonical":"https:\/\/www.costaricafilmcommission.org\/es\/?location=ermita-el-salvador","og_locale":"es_ES","og_type":"article","og_title":"Ermita El Salvador - Film Commission","og_description":"El Salvador de Piedades Sur de San Ram\u00f3n se ubica en la ladera occidental de los Montes del Aguacate, en una zona de alta riqueza natural y paisaj\u00edstica. El entorno se caracteriza por su vegetaci\u00f3n diversa y la presencia de fauna silvestre como venados, coyotes, sa\u00ednos, tapires, pizotes, pavones, tepezcuintles y primates, integrada a pastizales [&hellip;]","og_url":"https:\/\/www.costaricafilmcommission.org\/es\/?location=ermita-el-salvador","og_site_name":"Film Commission","article_publisher":"https:\/\/www.facebook.com\/CRFilmCommission\/","article_modified_time":"2026-01-26T14:15:51+00:00","og_image":[{"width":2560,"height":1986,"url":"https:\/\/www.costaricafilmcommission.org\/wp-content\/uploads\/2025\/11\/Ermita_El_Salvador_Principal-scaled.jpeg","type":"image\/jpeg"}],"twitter_card":"summary_large_image","twitter_misc":{"Tiempo de lectura":"1 minuto"},"schema":{"@context":"https:\/\/schema.org","@graph":[{"@type":"WebPage","@id":"https:\/\/www.costaricafilmcommission.org\/es\/?location=ermita-el-salvador","url":"https:\/\/www.costaricafilmcommission.org\/es\/?location=ermita-el-salvador","name":"Ermita El Salvador - Film Commission","isPartOf":{"@id":"https:\/\/www.costaricafilmcommission.org\/es\/#website"},"primaryImageOfPage":{"@id":"https:\/\/www.costaricafilmcommission.org\/es\/?location=ermita-el-salvador#primaryimage"},"image":{"@id":"https:\/\/www.costaricafilmcommission.org\/es\/?location=ermita-el-salvador#primaryimage"},"thumbnailUrl":"https:\/\/www.costaricafilmcommission.org\/wp-content\/uploads\/2025\/11\/Ermita_El_Salvador_Principal-scaled.jpeg","datePublished":"2025-11-04T21:56:31+00:00","dateModified":"2026-01-26T14:15:51+00:00","breadcrumb":{"@id":"https:\/\/www.costaricafilmcommission.org\/es\/?location=ermita-el-salvador#breadcrumb"},"inLanguage":"es","potentialAction":[{"@type":"ReadAction","target":["https:\/\/www.costaricafilmcommission.org\/es\/?location=ermita-el-salvador"]}]},{"@type":"ImageObject","inLanguage":"es","@id":"https:\/\/www.costaricafilmcommission.org\/es\/?location=ermita-el-salvador#primaryimage","url":"https:\/\/www.costaricafilmcommission.org\/wp-content\/uploads\/2025\/11\/Ermita_El_Salvador_Principal-scaled.jpeg","contentUrl":"https:\/\/www.costaricafilmcommission.org\/wp-content\/uploads\/2025\/11\/Ermita_El_Salvador_Principal-scaled.jpeg","width":2560,"height":1986},{"@type":"BreadcrumbList","@id":"https:\/\/www.costaricafilmcommission.org\/es\/?location=ermita-el-salvador#breadcrumb","itemListElement":[{"@type":"ListItem","position":1,"name":"Portada","item":"https:\/\/www.costaricafilmcommission.org\/es\/"},{"@type":"ListItem","position":2,"name":"Ermita El Salvador"}]},{"@type":"WebSite","@id":"https:\/\/www.costaricafilmcommission.org\/es\/#website","url":"https:\/\/www.costaricafilmcommission.org\/es\/","name":"Film Commission","description":"Film Commission Website","publisher":{"@id":"https:\/\/www.costaricafilmcommission.org\/es\/#organization"},"potentialAction":[{"@type":"SearchAction","target":{"@type":"EntryPoint","urlTemplate":"https:\/\/www.costaricafilmcommission.org\/es\/?s={search_term_string}"},"query-input":{"@type":"PropertyValueSpecification","valueRequired":true,"valueName":"search_term_string"}}],"inLanguage":"es"},{"@type":"Organization","@id":"https:\/\/www.costaricafilmcommission.org\/es\/#organization","name":"Film Commission","url":"https:\/\/www.costaricafilmcommission.org\/es\/","logo":{"@type":"ImageObject","inLanguage":"es","@id":"https:\/\/www.costaricafilmcommission.org\/es\/#\/schema\/logo\/image\/","url":"https:\/\/www.costaricafilmcommission.org\/wp-content\/uploads\/2026\/01\/CF_Blanco-2.png","contentUrl":"https:\/\/www.costaricafilmcommission.org\/wp-content\/uploads\/2026\/01\/CF_Blanco-2.png","width":93,"height":40,"caption":"Film Commission"},"image":{"@id":"https:\/\/www.costaricafilmcommission.org\/es\/#\/schema\/logo\/image\/"},"sameAs":["https:\/\/www.facebook.com\/CRFilmCommission\/"]}]}},"_links":{"self":[{"href":"https:\/\/www.costaricafilmcommission.org\/es\/wp-json\/wp\/v2\/location\/6844","targetHints":{"allow":["GET"]}}],"collection":[{"href":"https:\/\/www.costaricafilmcommission.org\/es\/wp-json\/wp\/v2\/location"}],"about":[{"href":"https:\/\/www.costaricafilmcommission.org\/es\/wp-json\/wp\/v2\/types\/location"}],"wp:featuredmedia":[{"embeddable":true,"href":"https:\/\/www.costaricafilmcommission.org\/es\/wp-json\/wp\/v2\/media\/6853"}],"wp:attachment":[{"href":"https:\/\/www.costaricafilmcommission.org\/es\/wp-json\/wp\/v2\/media?parent=6844"}],"wp:term":[{"taxonomy":"region-costa-rica","embeddable":true,"href":"https:\/\/www.costaricafilmcommission.org\/es\/wp-json\/wp\/v2\/region-costa-rica?post=6844"}],"curies":[{"name":"wp","href":"https:\/\/api.w.org\/{rel}","templated":true}]}}

<p>El Salvador de Piedades Sur de San Ramón se ubica en la ladera occidental de los Montes del Aguacate, en una zona de alta riqueza natural y paisajística. El entorno se caracteriza por su vegetación diversa y la presencia de fauna silvestre como venados, coyotes, saínos, tapires, pizotes, pavones, tepezcuintles y primates, integrada a pastizales de calinguero y jaragua con árboles maderables, frutales y ornamentales cubiertos de bromelias, orquídeas y epífitas.  La abundancia de especies nectaríferas y floraciones favorece la presencia de numerosos apiarios, aportando un carácter productivo y visual único. La locación se complementa con una ermita histórica, réplica fiel de la original, que añade valor cultural y escénico al paisaje rural.</p>

<!-- This site is optimized with the Yoast SEO plugin v25.5 - https://yoast.com/wordpress/plugins/seo/ -->
<title>Ermita El Salvador - Film Commission</title>
<meta name="robots" content="index, follow, max-snippet:-1, max-image-preview:large, max-video-preview:-1" />
<link rel="canonical" href="https://www.costaricafilmcommission.org/es/?location=ermita-el-salvador" />
<meta property="og:locale" content="es_ES" />
<meta property="og:type" content="article" />
<meta property="og:title" content="Ermita El Salvador - Film Commission" />
<meta property="og:description" content="El Salvador de Piedades Sur de San Ramón se ubica en la ladera occidental de los Montes del Aguacate, en una zona de alta riqueza natural y paisajística. El entorno se caracteriza por su vegetación diversa y la presencia de fauna silvestre como venados, coyotes, saínos, tapires, pizotes, pavones, tepezcuintles y primates, integrada a pastizales [&hellip;]" />
<meta property="og:url" content="https://www.costaricafilmcommission.org/es/?location=ermita-el-salvador" />
<meta property="og:site_name" content="Film Commission" />
<meta property="article:publisher" content="https://www.facebook.com/CRFilmCommission/" />
<meta property="article:modified_time" content="2026-01-26T14:15:51+00:00" />
<meta property="og:image" content="https://www.costaricafilmcommission.org/wp-content/uploads/2025/11/Ermita_El_Salvador_Principal-scaled.jpeg" />
	<meta property="og:image:width" content="2560" />
	<meta property="og:image:height" content="1986" />
	<meta property="og:image:type" content="image/jpeg" />
<meta name="twitter:card" content="summary_large_image" />
<meta name="twitter:label1" content="Tiempo de lectura" />
	<meta name="twitter:data1" content="1 minuto" />
<script type="application/ld+json" class="yoast-schema-graph">{"@context":"https://schema.org","@graph":[{"@type":"WebPage","@id":"https://www.costaricafilmcommission.org/es/?location=ermita-el-salvador","url":"https://www.costaricafilmcommission.org/es/?location=ermita-el-salvador","name":"Ermita El Salvador - Film Commission","isPartOf":{"@id":"https://www.costaricafilmcommission.org/es/#website"},"primaryImageOfPage":{"@id":"https://www.costaricafilmcommission.org/es/?location=ermita-el-salvador#primaryimage"},"image":{"@id":"https://www.costaricafilmcommission.org/es/?location=ermita-el-salvador#primaryimage"},"thumbnailUrl":"https://www.costaricafilmcommission.org/wp-content/uploads/2025/11/Ermita_El_Salvador_Principal-scaled.jpeg","datePublished":"2025-11-04T21:56:31+00:00","dateModified":"2026-01-26T14:15:51+00:00","breadcrumb":{"@id":"https://www.costaricafilmcommission.org/es/?location=ermita-el-salvador#breadcrumb"},"inLanguage":"es","potentialAction":[{"@type":"ReadAction","target":["https://www.costaricafilmcommission.org/es/?location=ermita-el-salvador"]}]},{"@type":"ImageObject","inLanguage":"es","@id":"https://www.costaricafilmcommission.org/es/?location=ermita-el-salvador#primaryimage","url":"https://www.costaricafilmcommission.org/wp-content/uploads/2025/11/Ermita_El_Salvador_Principal-scaled.jpeg","contentUrl":"https://www.costaricafilmcommission.org/wp-content/uploads/2025/11/Ermita_El_Salvador_Principal-scaled.jpeg","width":2560,"height":1986},{"@type":"BreadcrumbList","@id":"https://www.costaricafilmcommission.org/es/?location=ermita-el-salvador#breadcrumb","itemListElement":[{"@type":"ListItem","position":1,"name":"Portada","item":"https://www.costaricafilmcommission.org/es/"},{"@type":"ListItem","position":2,"name":"Ermita El Salvador"}]},{"@type":"WebSite","@id":"https://www.costaricafilmcommission.org/es/#website","url":"https://www.costaricafilmcommission.org/es/","name":"Film Commission","description":"Film Commission Website","publisher":{"@id":"https://www.costaricafilmcommission.org/es/#organization"},"potentialAction":[{"@type":"SearchAction","target":{"@type":"EntryPoint","urlTemplate":"https://www.costaricafilmcommission.org/es/?s={search_term_string}"},"query-input":{"@type":"PropertyValueSpecification","valueRequired":true,"valueName":"search_term_string"}}],"inLanguage":"es"},{"@type":"Organization","@id":"https://www.costaricafilmcommission.org/es/#organization","name":"Film Commission","url":"https://www.costaricafilmcommission.org/es/","logo":{"@type":"ImageObject","inLanguage":"es","@id":"https://www.costaricafilmcommission.org/es/#/schema/logo/image/","url":"https://www.costaricafilmcommission.org/wp-content/uploads/2026/01/CF_Blanco-2.png","contentUrl":"https://www.costaricafilmcommission.org/wp-content/uploads/2026/01/CF_Blanco-2.png","width":93,"height":40,"caption":"Film Commission"},"image":{"@id":"https://www.costaricafilmcommission.org/es/#/schema/logo/image/"},"sameAs":["https://www.facebook.com/CRFilmCommission/"]}]}</script>
<!-- / Yoast SEO plugin. -->

El Salvador de Piedades Sur de San Ramón se ubica en la ladera occidental de los Montes del Aguacate, en una zona de alta riqueza natural y paisajística. El entorno se caracteriza por su vegetación diversa y la presencia de fauna silvestre como venados, coyotes, saínos, tapires, pizotes, pavones, tepezcuintles y primates, integrada a pastizales [&hellip;]
