{"id":7427,"date":"2025-11-04T21:44:42","date_gmt":"2025-11-04T21:44:42","guid":{"rendered":"https:\/\/www.costaricafilmcommission.org\/?location=parque-del-este"},"modified":"2026-01-26T14:18:16","modified_gmt":"2026-01-26T14:18:16","slug":"parque-del-este","status":"publish","type":"location","link":"https:\/\/www.costaricafilmcommission.org\/es\/?location=parque-del-este","title":{"rendered":"Parque del Este"},"content":{"rendered":"<p>El Parque del Este, ubicado en San Rafael de Montes de Oca dentro de la Gran \u00c1rea Metropolitana, es un entorno natural de 24 hect\u00e1reas que combina \u00e1reas boscosas, senderos, campos deportivos y zonas recreativas con vistas al Valle Central. Su topograf\u00eda ondulada, con claros luminosos y vegetaci\u00f3n densa, ofrece gran versatilidad visual para escenas de naturaleza urbana, ocio entre familia o actividades al aire libre. A tan solo 15 minutos del centro de San Jos\u00e9, el parque ofrece accesibilidad, espacio para configuraci\u00f3n t\u00e9cnica y un ambiente tranquilo ideal para producciones que buscan un equilibrio entre la naturaleza y la vida metropolitana.<\/p>\n","protected":false},"featured_media":7433,"template":"","meta":{"_acf_changed":false},"region-costa-rica":[16],"class_list":["post-7427","location","type-location","status-publish","has-post-thumbnail","hentry","region-costa-rica-central"],"acf":[],"yoast_head":"<!-- This site is optimized with the Yoast SEO plugin v25.5 - https:\/\/yoast.com\/wordpress\/plugins\/seo\/ -->\n<title>Parque del Este - Film Commission<\/title>\n<meta name=\"robots\" content=\"index, follow, max-snippet:-1, max-image-preview:large, max-video-preview:-1\" \/>\n<link rel=\"canonical\" href=\"https:\/\/www.costaricafilmcommission.org\/es\/?location=parque-del-este\" \/>\n<meta property=\"og:locale\" content=\"es_ES\" \/>\n<meta property=\"og:type\" content=\"article\" \/>\n<meta property=\"og:title\" content=\"Parque del Este - Film Commission\" \/>\n<meta property=\"og:description\" content=\"El Parque del Este, ubicado en San Rafael de Montes de Oca dentro de la Gran \u00c1rea Metropolitana, es un entorno natural de 24 hect\u00e1reas que combina \u00e1reas boscosas, senderos, campos deportivos y zonas recreativas con vistas al Valle Central. Su topograf\u00eda ondulada, con claros luminosos y vegetaci\u00f3n densa, ofrece gran versatilidad visual para escenas [&hellip;]\" \/>\n<meta property=\"og:url\" content=\"https:\/\/www.costaricafilmcommission.org\/es\/?location=parque-del-este\" \/>\n<meta property=\"og:site_name\" content=\"Film Commission\" \/>\n<meta property=\"article:publisher\" content=\"https:\/\/www.facebook.com\/CRFilmCommission\/\" \/>\n<meta property=\"article:modified_time\" content=\"2026-01-26T14:18:16+00:00\" \/>\n<meta property=\"og:image\" content=\"https:\/\/www.costaricafilmcommission.org\/wp-content\/uploads\/2025\/11\/Parque_del_Este_Principal.jpg\" \/>\n\t<meta property=\"og:image:width\" content=\"1800\" \/>\n\t<meta property=\"og:image:height\" content=\"1051\" \/>\n\t<meta property=\"og:image:type\" content=\"image\/jpeg\" \/>\n<meta name=\"twitter:card\" content=\"summary_large_image\" \/>\n<meta name=\"twitter:label1\" content=\"Tiempo de lectura\" \/>\n\t<meta name=\"twitter:data1\" content=\"1 minuto\" \/>\n<script type=\"application\/ld+json\" class=\"yoast-schema-graph\">{\"@context\":\"https:\/\/schema.org\",\"@graph\":[{\"@type\":\"WebPage\",\"@id\":\"https:\/\/www.costaricafilmcommission.org\/es\/?location=parque-del-este\",\"url\":\"https:\/\/www.costaricafilmcommission.org\/es\/?location=parque-del-este\",\"name\":\"Parque del Este - Film Commission\",\"isPartOf\":{\"@id\":\"https:\/\/www.costaricafilmcommission.org\/es\/#website\"},\"primaryImageOfPage\":{\"@id\":\"https:\/\/www.costaricafilmcommission.org\/es\/?location=parque-del-este#primaryimage\"},\"image\":{\"@id\":\"https:\/\/www.costaricafilmcommission.org\/es\/?location=parque-del-este#primaryimage\"},\"thumbnailUrl\":\"https:\/\/www.costaricafilmcommission.org\/wp-content\/uploads\/2025\/11\/Parque_del_Este_Principal.jpg\",\"datePublished\":\"2025-11-04T21:44:42+00:00\",\"dateModified\":\"2026-01-26T14:18:16+00:00\",\"breadcrumb\":{\"@id\":\"https:\/\/www.costaricafilmcommission.org\/es\/?location=parque-del-este#breadcrumb\"},\"inLanguage\":\"es\",\"potentialAction\":[{\"@type\":\"ReadAction\",\"target\":[\"https:\/\/www.costaricafilmcommission.org\/es\/?location=parque-del-este\"]}]},{\"@type\":\"ImageObject\",\"inLanguage\":\"es\",\"@id\":\"https:\/\/www.costaricafilmcommission.org\/es\/?location=parque-del-este#primaryimage\",\"url\":\"https:\/\/www.costaricafilmcommission.org\/wp-content\/uploads\/2025\/11\/Parque_del_Este_Principal.jpg\",\"contentUrl\":\"https:\/\/www.costaricafilmcommission.org\/wp-content\/uploads\/2025\/11\/Parque_del_Este_Principal.jpg\",\"width\":1800,\"height\":1051},{\"@type\":\"BreadcrumbList\",\"@id\":\"https:\/\/www.costaricafilmcommission.org\/es\/?location=parque-del-este#breadcrumb\",\"itemListElement\":[{\"@type\":\"ListItem\",\"position\":1,\"name\":\"Portada\",\"item\":\"https:\/\/www.costaricafilmcommission.org\/es\/\"},{\"@type\":\"ListItem\",\"position\":2,\"name\":\"Parque del Este\"}]},{\"@type\":\"WebSite\",\"@id\":\"https:\/\/www.costaricafilmcommission.org\/es\/#website\",\"url\":\"https:\/\/www.costaricafilmcommission.org\/es\/\",\"name\":\"Film Commission\",\"description\":\"Film Commission Website\",\"publisher\":{\"@id\":\"https:\/\/www.costaricafilmcommission.org\/es\/#organization\"},\"potentialAction\":[{\"@type\":\"SearchAction\",\"target\":{\"@type\":\"EntryPoint\",\"urlTemplate\":\"https:\/\/www.costaricafilmcommission.org\/es\/?s={search_term_string}\"},\"query-input\":{\"@type\":\"PropertyValueSpecification\",\"valueRequired\":true,\"valueName\":\"search_term_string\"}}],\"inLanguage\":\"es\"},{\"@type\":\"Organization\",\"@id\":\"https:\/\/www.costaricafilmcommission.org\/es\/#organization\",\"name\":\"Film Commission\",\"url\":\"https:\/\/www.costaricafilmcommission.org\/es\/\",\"logo\":{\"@type\":\"ImageObject\",\"inLanguage\":\"es\",\"@id\":\"https:\/\/www.costaricafilmcommission.org\/es\/#\/schema\/logo\/image\/\",\"url\":\"https:\/\/www.costaricafilmcommission.org\/wp-content\/uploads\/2026\/01\/CF_Blanco-2.png\",\"contentUrl\":\"https:\/\/www.costaricafilmcommission.org\/wp-content\/uploads\/2026\/01\/CF_Blanco-2.png\",\"width\":93,\"height\":40,\"caption\":\"Film Commission\"},\"image\":{\"@id\":\"https:\/\/www.costaricafilmcommission.org\/es\/#\/schema\/logo\/image\/\"},\"sameAs\":[\"https:\/\/www.facebook.com\/CRFilmCommission\/\"]}]}<\/script>\n<!-- \/ Yoast SEO plugin. -->","yoast_head_json":{"title":"Parque del Este - Film Commission","robots":{"index":"index","follow":"follow","max-snippet":"max-snippet:-1","max-image-preview":"max-image-preview:large","max-video-preview":"max-video-preview:-1"},"canonical":"https:\/\/www.costaricafilmcommission.org\/es\/?location=parque-del-este","og_locale":"es_ES","og_type":"article","og_title":"Parque del Este - Film Commission","og_description":"El Parque del Este, ubicado en San Rafael de Montes de Oca dentro de la Gran \u00c1rea Metropolitana, es un entorno natural de 24 hect\u00e1reas que combina \u00e1reas boscosas, senderos, campos deportivos y zonas recreativas con vistas al Valle Central. Su topograf\u00eda ondulada, con claros luminosos y vegetaci\u00f3n densa, ofrece gran versatilidad visual para escenas [&hellip;]","og_url":"https:\/\/www.costaricafilmcommission.org\/es\/?location=parque-del-este","og_site_name":"Film Commission","article_publisher":"https:\/\/www.facebook.com\/CRFilmCommission\/","article_modified_time":"2026-01-26T14:18:16+00:00","og_image":[{"width":1800,"height":1051,"url":"https:\/\/www.costaricafilmcommission.org\/wp-content\/uploads\/2025\/11\/Parque_del_Este_Principal.jpg","type":"image\/jpeg"}],"twitter_card":"summary_large_image","twitter_misc":{"Tiempo de lectura":"1 minuto"},"schema":{"@context":"https:\/\/schema.org","@graph":[{"@type":"WebPage","@id":"https:\/\/www.costaricafilmcommission.org\/es\/?location=parque-del-este","url":"https:\/\/www.costaricafilmcommission.org\/es\/?location=parque-del-este","name":"Parque del Este - Film Commission","isPartOf":{"@id":"https:\/\/www.costaricafilmcommission.org\/es\/#website"},"primaryImageOfPage":{"@id":"https:\/\/www.costaricafilmcommission.org\/es\/?location=parque-del-este#primaryimage"},"image":{"@id":"https:\/\/www.costaricafilmcommission.org\/es\/?location=parque-del-este#primaryimage"},"thumbnailUrl":"https:\/\/www.costaricafilmcommission.org\/wp-content\/uploads\/2025\/11\/Parque_del_Este_Principal.jpg","datePublished":"2025-11-04T21:44:42+00:00","dateModified":"2026-01-26T14:18:16+00:00","breadcrumb":{"@id":"https:\/\/www.costaricafilmcommission.org\/es\/?location=parque-del-este#breadcrumb"},"inLanguage":"es","potentialAction":[{"@type":"ReadAction","target":["https:\/\/www.costaricafilmcommission.org\/es\/?location=parque-del-este"]}]},{"@type":"ImageObject","inLanguage":"es","@id":"https:\/\/www.costaricafilmcommission.org\/es\/?location=parque-del-este#primaryimage","url":"https:\/\/www.costaricafilmcommission.org\/wp-content\/uploads\/2025\/11\/Parque_del_Este_Principal.jpg","contentUrl":"https:\/\/www.costaricafilmcommission.org\/wp-content\/uploads\/2025\/11\/Parque_del_Este_Principal.jpg","width":1800,"height":1051},{"@type":"BreadcrumbList","@id":"https:\/\/www.costaricafilmcommission.org\/es\/?location=parque-del-este#breadcrumb","itemListElement":[{"@type":"ListItem","position":1,"name":"Portada","item":"https:\/\/www.costaricafilmcommission.org\/es\/"},{"@type":"ListItem","position":2,"name":"Parque del Este"}]},{"@type":"WebSite","@id":"https:\/\/www.costaricafilmcommission.org\/es\/#website","url":"https:\/\/www.costaricafilmcommission.org\/es\/","name":"Film Commission","description":"Film Commission Website","publisher":{"@id":"https:\/\/www.costaricafilmcommission.org\/es\/#organization"},"potentialAction":[{"@type":"SearchAction","target":{"@type":"EntryPoint","urlTemplate":"https:\/\/www.costaricafilmcommission.org\/es\/?s={search_term_string}"},"query-input":{"@type":"PropertyValueSpecification","valueRequired":true,"valueName":"search_term_string"}}],"inLanguage":"es"},{"@type":"Organization","@id":"https:\/\/www.costaricafilmcommission.org\/es\/#organization","name":"Film Commission","url":"https:\/\/www.costaricafilmcommission.org\/es\/","logo":{"@type":"ImageObject","inLanguage":"es","@id":"https:\/\/www.costaricafilmcommission.org\/es\/#\/schema\/logo\/image\/","url":"https:\/\/www.costaricafilmcommission.org\/wp-content\/uploads\/2026\/01\/CF_Blanco-2.png","contentUrl":"https:\/\/www.costaricafilmcommission.org\/wp-content\/uploads\/2026\/01\/CF_Blanco-2.png","width":93,"height":40,"caption":"Film Commission"},"image":{"@id":"https:\/\/www.costaricafilmcommission.org\/es\/#\/schema\/logo\/image\/"},"sameAs":["https:\/\/www.facebook.com\/CRFilmCommission\/"]}]}},"_links":{"self":[{"href":"https:\/\/www.costaricafilmcommission.org\/es\/wp-json\/wp\/v2\/location\/7427","targetHints":{"allow":["GET"]}}],"collection":[{"href":"https:\/\/www.costaricafilmcommission.org\/es\/wp-json\/wp\/v2\/location"}],"about":[{"href":"https:\/\/www.costaricafilmcommission.org\/es\/wp-json\/wp\/v2\/types\/location"}],"wp:featuredmedia":[{"embeddable":true,"href":"https:\/\/www.costaricafilmcommission.org\/es\/wp-json\/wp\/v2\/media\/7433"}],"wp:attachment":[{"href":"https:\/\/www.costaricafilmcommission.org\/es\/wp-json\/wp\/v2\/media?parent=7427"}],"wp:term":[{"taxonomy":"region-costa-rica","embeddable":true,"href":"https:\/\/www.costaricafilmcommission.org\/es\/wp-json\/wp\/v2\/region-costa-rica?post=7427"}],"curies":[{"name":"wp","href":"https:\/\/api.w.org\/{rel}","templated":true}]}}

<p>El Parque del Este, ubicado en San Rafael de Montes de Oca dentro de la Gran Área Metropolitana, es un entorno natural de 24 hectáreas que combina áreas boscosas, senderos, campos deportivos y zonas recreativas con vistas al Valle Central. Su topografía ondulada, con claros luminosos y vegetación densa, ofrece gran versatilidad visual para escenas de naturaleza urbana, ocio entre familia o actividades al aire libre. A tan solo 15 minutos del centro de San José, el parque ofrece accesibilidad, espacio para configuración técnica y un ambiente tranquilo ideal para producciones que buscan un equilibrio entre la naturaleza y la vida metropolitana.</p>

<!-- This site is optimized with the Yoast SEO plugin v25.5 - https://yoast.com/wordpress/plugins/seo/ -->
<title>Parque del Este - Film Commission</title>
<meta name="robots" content="index, follow, max-snippet:-1, max-image-preview:large, max-video-preview:-1" />
<link rel="canonical" href="https://www.costaricafilmcommission.org/es/?location=parque-del-este" />
<meta property="og:locale" content="es_ES" />
<meta property="og:type" content="article" />
<meta property="og:title" content="Parque del Este - Film Commission" />
<meta property="og:description" content="El Parque del Este, ubicado en San Rafael de Montes de Oca dentro de la Gran Área Metropolitana, es un entorno natural de 24 hectáreas que combina áreas boscosas, senderos, campos deportivos y zonas recreativas con vistas al Valle Central. Su topografía ondulada, con claros luminosos y vegetación densa, ofrece gran versatilidad visual para escenas [&hellip;]" />
<meta property="og:url" content="https://www.costaricafilmcommission.org/es/?location=parque-del-este" />
<meta property="og:site_name" content="Film Commission" />
<meta property="article:publisher" content="https://www.facebook.com/CRFilmCommission/" />
<meta property="article:modified_time" content="2026-01-26T14:18:16+00:00" />
<meta property="og:image" content="https://www.costaricafilmcommission.org/wp-content/uploads/2025/11/Parque_del_Este_Principal.jpg" />
	<meta property="og:image:width" content="1800" />
	<meta property="og:image:height" content="1051" />
	<meta property="og:image:type" content="image/jpeg" />
<meta name="twitter:card" content="summary_large_image" />
<meta name="twitter:label1" content="Tiempo de lectura" />
	<meta name="twitter:data1" content="1 minuto" />
<script type="application/ld+json" class="yoast-schema-graph">{"@context":"https://schema.org","@graph":[{"@type":"WebPage","@id":"https://www.costaricafilmcommission.org/es/?location=parque-del-este","url":"https://www.costaricafilmcommission.org/es/?location=parque-del-este","name":"Parque del Este - Film Commission","isPartOf":{"@id":"https://www.costaricafilmcommission.org/es/#website"},"primaryImageOfPage":{"@id":"https://www.costaricafilmcommission.org/es/?location=parque-del-este#primaryimage"},"image":{"@id":"https://www.costaricafilmcommission.org/es/?location=parque-del-este#primaryimage"},"thumbnailUrl":"https://www.costaricafilmcommission.org/wp-content/uploads/2025/11/Parque_del_Este_Principal.jpg","datePublished":"2025-11-04T21:44:42+00:00","dateModified":"2026-01-26T14:18:16+00:00","breadcrumb":{"@id":"https://www.costaricafilmcommission.org/es/?location=parque-del-este#breadcrumb"},"inLanguage":"es","potentialAction":[{"@type":"ReadAction","target":["https://www.costaricafilmcommission.org/es/?location=parque-del-este"]}]},{"@type":"ImageObject","inLanguage":"es","@id":"https://www.costaricafilmcommission.org/es/?location=parque-del-este#primaryimage","url":"https://www.costaricafilmcommission.org/wp-content/uploads/2025/11/Parque_del_Este_Principal.jpg","contentUrl":"https://www.costaricafilmcommission.org/wp-content/uploads/2025/11/Parque_del_Este_Principal.jpg","width":1800,"height":1051},{"@type":"BreadcrumbList","@id":"https://www.costaricafilmcommission.org/es/?location=parque-del-este#breadcrumb","itemListElement":[{"@type":"ListItem","position":1,"name":"Portada","item":"https://www.costaricafilmcommission.org/es/"},{"@type":"ListItem","position":2,"name":"Parque del Este"}]},{"@type":"WebSite","@id":"https://www.costaricafilmcommission.org/es/#website","url":"https://www.costaricafilmcommission.org/es/","name":"Film Commission","description":"Film Commission Website","publisher":{"@id":"https://www.costaricafilmcommission.org/es/#organization"},"potentialAction":[{"@type":"SearchAction","target":{"@type":"EntryPoint","urlTemplate":"https://www.costaricafilmcommission.org/es/?s={search_term_string}"},"query-input":{"@type":"PropertyValueSpecification","valueRequired":true,"valueName":"search_term_string"}}],"inLanguage":"es"},{"@type":"Organization","@id":"https://www.costaricafilmcommission.org/es/#organization","name":"Film Commission","url":"https://www.costaricafilmcommission.org/es/","logo":{"@type":"ImageObject","inLanguage":"es","@id":"https://www.costaricafilmcommission.org/es/#/schema/logo/image/","url":"https://www.costaricafilmcommission.org/wp-content/uploads/2026/01/CF_Blanco-2.png","contentUrl":"https://www.costaricafilmcommission.org/wp-content/uploads/2026/01/CF_Blanco-2.png","width":93,"height":40,"caption":"Film Commission"},"image":{"@id":"https://www.costaricafilmcommission.org/es/#/schema/logo/image/"},"sameAs":["https://www.facebook.com/CRFilmCommission/"]}]}</script>
<!-- / Yoast SEO plugin. -->

El Parque del Este, ubicado en San Rafael de Montes de Oca dentro de la Gran Área Metropolitana, es un entorno natural de 24 hectáreas que combina áreas boscosas, senderos, campos deportivos y zonas recreativas con vistas al Valle Central. Su topografía ondulada, con claros luminosos y vegetación densa, ofrece gran versatilidad visual para escenas [&hellip;]
