{"id":7704,"date":"2025-11-04T22:11:05","date_gmt":"2025-11-04T22:11:05","guid":{"rendered":"https:\/\/www.costaricafilmcommission.org\/?location=refugio-nacional-de-vida-silvestre-bahia-junquillal"},"modified":"2026-01-26T14:19:55","modified_gmt":"2026-01-26T14:19:55","slug":"refugio-nacional-de-vida-silvestre-bahia-junquillal","status":"publish","type":"location","link":"https:\/\/www.costaricafilmcommission.org\/es\/?location=refugio-nacional-de-vida-silvestre-bahia-junquillal","title":{"rendered":"Refugio Nacional De Vida Silvestre Bah\u00eda Junquillal"},"content":{"rendered":"<p>Con una superficie de 505 hect\u00e1reas y creado en enero de 1995 para proteger manglares y bosques secos, este refugio abarca siete ecosistemas costeros, incluida la Zona Rocosa. Dentro de ella se encuentra la playa del Junquillal, un tramo de 2 km con servicios como \u00e1reas de picnic, zona de acampar, senderos, una torre para la observaci\u00f3n de aves y mucho m\u00e1s. Presenta dos estaciones de bosque seco: verde en la estaci\u00f3n lluviosa y seco en la estaci\u00f3n seca.<\/p>\n","protected":false},"featured_media":7722,"template":"","meta":{"_acf_changed":false},"region-costa-rica":[17],"class_list":["post-7704","location","type-location","status-publish","has-post-thumbnail","hentry","region-costa-rica-chorotega"],"acf":[],"yoast_head":"<!-- This site is optimized with the Yoast SEO plugin v25.5 - https:\/\/yoast.com\/wordpress\/plugins\/seo\/ -->\n<title>Refugio Nacional De Vida Silvestre Bah\u00eda Junquillal - Film Commission<\/title>\n<meta name=\"robots\" content=\"index, nofollow, max-snippet:-1, max-image-preview:large, max-video-preview:-1\" \/>\n<link rel=\"canonical\" href=\"https:\/\/www.costaricafilmcommission.org\/es\/?location=refugio-nacional-de-vida-silvestre-bahia-junquillal\" \/>\n<meta property=\"og:locale\" content=\"es_ES\" \/>\n<meta property=\"og:type\" content=\"article\" \/>\n<meta property=\"og:title\" content=\"Refugio Nacional De Vida Silvestre Bah\u00eda Junquillal - Film Commission\" \/>\n<meta property=\"og:description\" content=\"Con una superficie de 505 hect\u00e1reas y creado en enero de 1995 para proteger manglares y bosques secos, este refugio abarca siete ecosistemas costeros, incluida la Zona Rocosa. Dentro de ella se encuentra la playa del Junquillal, un tramo de 2 km con servicios como \u00e1reas de picnic, zona de acampar, senderos, una torre para [&hellip;]\" \/>\n<meta property=\"og:url\" content=\"https:\/\/www.costaricafilmcommission.org\/es\/?location=refugio-nacional-de-vida-silvestre-bahia-junquillal\" \/>\n<meta property=\"og:site_name\" content=\"Film Commission\" \/>\n<meta property=\"article:publisher\" content=\"https:\/\/www.facebook.com\/CRFilmCommission\/\" \/>\n<meta property=\"article:modified_time\" content=\"2026-01-26T14:19:55+00:00\" \/>\n<meta property=\"og:image\" content=\"https:\/\/www.costaricafilmcommission.org\/wp-content\/uploads\/2025\/11\/Bahia_Junquillal_Principal-scaled.jpg\" \/>\n\t<meta property=\"og:image:width\" content=\"2560\" \/>\n\t<meta property=\"og:image:height\" content=\"1440\" \/>\n\t<meta property=\"og:image:type\" content=\"image\/jpeg\" \/>\n<meta name=\"twitter:card\" content=\"summary_large_image\" \/>\n<script type=\"application\/ld+json\" class=\"yoast-schema-graph\">{\"@context\":\"https:\/\/schema.org\",\"@graph\":[{\"@type\":\"WebPage\",\"@id\":\"https:\/\/www.costaricafilmcommission.org\/es\/?location=refugio-nacional-de-vida-silvestre-bahia-junquillal\",\"url\":\"https:\/\/www.costaricafilmcommission.org\/es\/?location=refugio-nacional-de-vida-silvestre-bahia-junquillal\",\"name\":\"Refugio Nacional De Vida Silvestre Bah\u00eda Junquillal - Film Commission\",\"isPartOf\":{\"@id\":\"https:\/\/www.costaricafilmcommission.org\/es\/#website\"},\"primaryImageOfPage\":{\"@id\":\"https:\/\/www.costaricafilmcommission.org\/es\/?location=refugio-nacional-de-vida-silvestre-bahia-junquillal#primaryimage\"},\"image\":{\"@id\":\"https:\/\/www.costaricafilmcommission.org\/es\/?location=refugio-nacional-de-vida-silvestre-bahia-junquillal#primaryimage\"},\"thumbnailUrl\":\"https:\/\/www.costaricafilmcommission.org\/wp-content\/uploads\/2025\/11\/Bahia_Junquillal_Principal-scaled.jpg\",\"datePublished\":\"2025-11-04T22:11:05+00:00\",\"dateModified\":\"2026-01-26T14:19:55+00:00\",\"breadcrumb\":{\"@id\":\"https:\/\/www.costaricafilmcommission.org\/es\/?location=refugio-nacional-de-vida-silvestre-bahia-junquillal#breadcrumb\"},\"inLanguage\":\"es\",\"potentialAction\":[{\"@type\":\"ReadAction\",\"target\":[\"https:\/\/www.costaricafilmcommission.org\/es\/?location=refugio-nacional-de-vida-silvestre-bahia-junquillal\"]}]},{\"@type\":\"ImageObject\",\"inLanguage\":\"es\",\"@id\":\"https:\/\/www.costaricafilmcommission.org\/es\/?location=refugio-nacional-de-vida-silvestre-bahia-junquillal#primaryimage\",\"url\":\"https:\/\/www.costaricafilmcommission.org\/wp-content\/uploads\/2025\/11\/Bahia_Junquillal_Principal-scaled.jpg\",\"contentUrl\":\"https:\/\/www.costaricafilmcommission.org\/wp-content\/uploads\/2025\/11\/Bahia_Junquillal_Principal-scaled.jpg\",\"width\":2560,\"height\":1440},{\"@type\":\"BreadcrumbList\",\"@id\":\"https:\/\/www.costaricafilmcommission.org\/es\/?location=refugio-nacional-de-vida-silvestre-bahia-junquillal#breadcrumb\",\"itemListElement\":[{\"@type\":\"ListItem\",\"position\":1,\"name\":\"Portada\",\"item\":\"https:\/\/www.costaricafilmcommission.org\/es\/\"},{\"@type\":\"ListItem\",\"position\":2,\"name\":\"Refugio Nacional De Vida Silvestre Bah\u00eda Junquillal\"}]},{\"@type\":\"WebSite\",\"@id\":\"https:\/\/www.costaricafilmcommission.org\/es\/#website\",\"url\":\"https:\/\/www.costaricafilmcommission.org\/es\/\",\"name\":\"Film Commission\",\"description\":\"Film Commission Website\",\"publisher\":{\"@id\":\"https:\/\/www.costaricafilmcommission.org\/es\/#organization\"},\"potentialAction\":[{\"@type\":\"SearchAction\",\"target\":{\"@type\":\"EntryPoint\",\"urlTemplate\":\"https:\/\/www.costaricafilmcommission.org\/es\/?s={search_term_string}\"},\"query-input\":{\"@type\":\"PropertyValueSpecification\",\"valueRequired\":true,\"valueName\":\"search_term_string\"}}],\"inLanguage\":\"es\"},{\"@type\":\"Organization\",\"@id\":\"https:\/\/www.costaricafilmcommission.org\/es\/#organization\",\"name\":\"Film Commission\",\"url\":\"https:\/\/www.costaricafilmcommission.org\/es\/\",\"logo\":{\"@type\":\"ImageObject\",\"inLanguage\":\"es\",\"@id\":\"https:\/\/www.costaricafilmcommission.org\/es\/#\/schema\/logo\/image\/\",\"url\":\"https:\/\/www.costaricafilmcommission.org\/wp-content\/uploads\/2026\/01\/CF_Blanco-2.png\",\"contentUrl\":\"https:\/\/www.costaricafilmcommission.org\/wp-content\/uploads\/2026\/01\/CF_Blanco-2.png\",\"width\":93,\"height\":40,\"caption\":\"Film Commission\"},\"image\":{\"@id\":\"https:\/\/www.costaricafilmcommission.org\/es\/#\/schema\/logo\/image\/\"},\"sameAs\":[\"https:\/\/www.facebook.com\/CRFilmCommission\/\"]}]}<\/script>\n<!-- \/ Yoast SEO plugin. -->","yoast_head_json":{"title":"Refugio Nacional De Vida Silvestre Bah\u00eda Junquillal - Film Commission","robots":{"index":"index","follow":"nofollow","max-snippet":"max-snippet:-1","max-image-preview":"max-image-preview:large","max-video-preview":"max-video-preview:-1"},"canonical":"https:\/\/www.costaricafilmcommission.org\/es\/?location=refugio-nacional-de-vida-silvestre-bahia-junquillal","og_locale":"es_ES","og_type":"article","og_title":"Refugio Nacional De Vida Silvestre Bah\u00eda Junquillal - Film Commission","og_description":"Con una superficie de 505 hect\u00e1reas y creado en enero de 1995 para proteger manglares y bosques secos, este refugio abarca siete ecosistemas costeros, incluida la Zona Rocosa. Dentro de ella se encuentra la playa del Junquillal, un tramo de 2 km con servicios como \u00e1reas de picnic, zona de acampar, senderos, una torre para [&hellip;]","og_url":"https:\/\/www.costaricafilmcommission.org\/es\/?location=refugio-nacional-de-vida-silvestre-bahia-junquillal","og_site_name":"Film Commission","article_publisher":"https:\/\/www.facebook.com\/CRFilmCommission\/","article_modified_time":"2026-01-26T14:19:55+00:00","og_image":[{"width":2560,"height":1440,"url":"https:\/\/www.costaricafilmcommission.org\/wp-content\/uploads\/2025\/11\/Bahia_Junquillal_Principal-scaled.jpg","type":"image\/jpeg"}],"twitter_card":"summary_large_image","schema":{"@context":"https:\/\/schema.org","@graph":[{"@type":"WebPage","@id":"https:\/\/www.costaricafilmcommission.org\/es\/?location=refugio-nacional-de-vida-silvestre-bahia-junquillal","url":"https:\/\/www.costaricafilmcommission.org\/es\/?location=refugio-nacional-de-vida-silvestre-bahia-junquillal","name":"Refugio Nacional De Vida Silvestre Bah\u00eda Junquillal - Film Commission","isPartOf":{"@id":"https:\/\/www.costaricafilmcommission.org\/es\/#website"},"primaryImageOfPage":{"@id":"https:\/\/www.costaricafilmcommission.org\/es\/?location=refugio-nacional-de-vida-silvestre-bahia-junquillal#primaryimage"},"image":{"@id":"https:\/\/www.costaricafilmcommission.org\/es\/?location=refugio-nacional-de-vida-silvestre-bahia-junquillal#primaryimage"},"thumbnailUrl":"https:\/\/www.costaricafilmcommission.org\/wp-content\/uploads\/2025\/11\/Bahia_Junquillal_Principal-scaled.jpg","datePublished":"2025-11-04T22:11:05+00:00","dateModified":"2026-01-26T14:19:55+00:00","breadcrumb":{"@id":"https:\/\/www.costaricafilmcommission.org\/es\/?location=refugio-nacional-de-vida-silvestre-bahia-junquillal#breadcrumb"},"inLanguage":"es","potentialAction":[{"@type":"ReadAction","target":["https:\/\/www.costaricafilmcommission.org\/es\/?location=refugio-nacional-de-vida-silvestre-bahia-junquillal"]}]},{"@type":"ImageObject","inLanguage":"es","@id":"https:\/\/www.costaricafilmcommission.org\/es\/?location=refugio-nacional-de-vida-silvestre-bahia-junquillal#primaryimage","url":"https:\/\/www.costaricafilmcommission.org\/wp-content\/uploads\/2025\/11\/Bahia_Junquillal_Principal-scaled.jpg","contentUrl":"https:\/\/www.costaricafilmcommission.org\/wp-content\/uploads\/2025\/11\/Bahia_Junquillal_Principal-scaled.jpg","width":2560,"height":1440},{"@type":"BreadcrumbList","@id":"https:\/\/www.costaricafilmcommission.org\/es\/?location=refugio-nacional-de-vida-silvestre-bahia-junquillal#breadcrumb","itemListElement":[{"@type":"ListItem","position":1,"name":"Portada","item":"https:\/\/www.costaricafilmcommission.org\/es\/"},{"@type":"ListItem","position":2,"name":"Refugio Nacional De Vida Silvestre Bah\u00eda Junquillal"}]},{"@type":"WebSite","@id":"https:\/\/www.costaricafilmcommission.org\/es\/#website","url":"https:\/\/www.costaricafilmcommission.org\/es\/","name":"Film Commission","description":"Film Commission Website","publisher":{"@id":"https:\/\/www.costaricafilmcommission.org\/es\/#organization"},"potentialAction":[{"@type":"SearchAction","target":{"@type":"EntryPoint","urlTemplate":"https:\/\/www.costaricafilmcommission.org\/es\/?s={search_term_string}"},"query-input":{"@type":"PropertyValueSpecification","valueRequired":true,"valueName":"search_term_string"}}],"inLanguage":"es"},{"@type":"Organization","@id":"https:\/\/www.costaricafilmcommission.org\/es\/#organization","name":"Film Commission","url":"https:\/\/www.costaricafilmcommission.org\/es\/","logo":{"@type":"ImageObject","inLanguage":"es","@id":"https:\/\/www.costaricafilmcommission.org\/es\/#\/schema\/logo\/image\/","url":"https:\/\/www.costaricafilmcommission.org\/wp-content\/uploads\/2026\/01\/CF_Blanco-2.png","contentUrl":"https:\/\/www.costaricafilmcommission.org\/wp-content\/uploads\/2026\/01\/CF_Blanco-2.png","width":93,"height":40,"caption":"Film Commission"},"image":{"@id":"https:\/\/www.costaricafilmcommission.org\/es\/#\/schema\/logo\/image\/"},"sameAs":["https:\/\/www.facebook.com\/CRFilmCommission\/"]}]}},"_links":{"self":[{"href":"https:\/\/www.costaricafilmcommission.org\/es\/wp-json\/wp\/v2\/location\/7704","targetHints":{"allow":["GET"]}}],"collection":[{"href":"https:\/\/www.costaricafilmcommission.org\/es\/wp-json\/wp\/v2\/location"}],"about":[{"href":"https:\/\/www.costaricafilmcommission.org\/es\/wp-json\/wp\/v2\/types\/location"}],"wp:featuredmedia":[{"embeddable":true,"href":"https:\/\/www.costaricafilmcommission.org\/es\/wp-json\/wp\/v2\/media\/7722"}],"wp:attachment":[{"href":"https:\/\/www.costaricafilmcommission.org\/es\/wp-json\/wp\/v2\/media?parent=7704"}],"wp:term":[{"taxonomy":"region-costa-rica","embeddable":true,"href":"https:\/\/www.costaricafilmcommission.org\/es\/wp-json\/wp\/v2\/region-costa-rica?post=7704"}],"curies":[{"name":"wp","href":"https:\/\/api.w.org\/{rel}","templated":true}]}}

Refugio Nacional De Vida Silvestre Bahía Junquillal

<p>Con una superficie de 505 hectáreas y creado en enero de 1995 para proteger manglares y bosques secos, este refugio abarca siete ecosistemas costeros, incluida la Zona Rocosa. Dentro de ella se encuentra la playa del Junquillal, un tramo de 2 km con servicios como áreas de picnic, zona de acampar, senderos, una torre para la observación de aves y mucho más. Presenta dos estaciones de bosque seco: verde en la estación lluviosa y seco en la estación seca.</p>

<!-- This site is optimized with the Yoast SEO plugin v25.5 - https://yoast.com/wordpress/plugins/seo/ -->
<title>Refugio Nacional De Vida Silvestre Bahía Junquillal - Film Commission</title>
<meta name="robots" content="index, nofollow, max-snippet:-1, max-image-preview:large, max-video-preview:-1" />
<link rel="canonical" href="https://www.costaricafilmcommission.org/es/?location=refugio-nacional-de-vida-silvestre-bahia-junquillal" />
<meta property="og:locale" content="es_ES" />
<meta property="og:type" content="article" />
<meta property="og:title" content="Refugio Nacional De Vida Silvestre Bahía Junquillal - Film Commission" />
<meta property="og:description" content="Con una superficie de 505 hectáreas y creado en enero de 1995 para proteger manglares y bosques secos, este refugio abarca siete ecosistemas costeros, incluida la Zona Rocosa. Dentro de ella se encuentra la playa del Junquillal, un tramo de 2 km con servicios como áreas de picnic, zona de acampar, senderos, una torre para [&hellip;]" />
<meta property="og:url" content="https://www.costaricafilmcommission.org/es/?location=refugio-nacional-de-vida-silvestre-bahia-junquillal" />
<meta property="og:site_name" content="Film Commission" />
<meta property="article:publisher" content="https://www.facebook.com/CRFilmCommission/" />
<meta property="article:modified_time" content="2026-01-26T14:19:55+00:00" />
<meta property="og:image" content="https://www.costaricafilmcommission.org/wp-content/uploads/2025/11/Bahia_Junquillal_Principal-scaled.jpg" />
	<meta property="og:image:width" content="2560" />
	<meta property="og:image:height" content="1440" />
	<meta property="og:image:type" content="image/jpeg" />
<meta name="twitter:card" content="summary_large_image" />
<script type="application/ld+json" class="yoast-schema-graph">{"@context":"https://schema.org","@graph":[{"@type":"WebPage","@id":"https://www.costaricafilmcommission.org/es/?location=refugio-nacional-de-vida-silvestre-bahia-junquillal","url":"https://www.costaricafilmcommission.org/es/?location=refugio-nacional-de-vida-silvestre-bahia-junquillal","name":"Refugio Nacional De Vida Silvestre Bahía Junquillal - Film Commission","isPartOf":{"@id":"https://www.costaricafilmcommission.org/es/#website"},"primaryImageOfPage":{"@id":"https://www.costaricafilmcommission.org/es/?location=refugio-nacional-de-vida-silvestre-bahia-junquillal#primaryimage"},"image":{"@id":"https://www.costaricafilmcommission.org/es/?location=refugio-nacional-de-vida-silvestre-bahia-junquillal#primaryimage"},"thumbnailUrl":"https://www.costaricafilmcommission.org/wp-content/uploads/2025/11/Bahia_Junquillal_Principal-scaled.jpg","datePublished":"2025-11-04T22:11:05+00:00","dateModified":"2026-01-26T14:19:55+00:00","breadcrumb":{"@id":"https://www.costaricafilmcommission.org/es/?location=refugio-nacional-de-vida-silvestre-bahia-junquillal#breadcrumb"},"inLanguage":"es","potentialAction":[{"@type":"ReadAction","target":["https://www.costaricafilmcommission.org/es/?location=refugio-nacional-de-vida-silvestre-bahia-junquillal"]}]},{"@type":"ImageObject","inLanguage":"es","@id":"https://www.costaricafilmcommission.org/es/?location=refugio-nacional-de-vida-silvestre-bahia-junquillal#primaryimage","url":"https://www.costaricafilmcommission.org/wp-content/uploads/2025/11/Bahia_Junquillal_Principal-scaled.jpg","contentUrl":"https://www.costaricafilmcommission.org/wp-content/uploads/2025/11/Bahia_Junquillal_Principal-scaled.jpg","width":2560,"height":1440},{"@type":"BreadcrumbList","@id":"https://www.costaricafilmcommission.org/es/?location=refugio-nacional-de-vida-silvestre-bahia-junquillal#breadcrumb","itemListElement":[{"@type":"ListItem","position":1,"name":"Portada","item":"https://www.costaricafilmcommission.org/es/"},{"@type":"ListItem","position":2,"name":"Refugio Nacional De Vida Silvestre Bahía Junquillal"}]},{"@type":"WebSite","@id":"https://www.costaricafilmcommission.org/es/#website","url":"https://www.costaricafilmcommission.org/es/","name":"Film Commission","description":"Film Commission Website","publisher":{"@id":"https://www.costaricafilmcommission.org/es/#organization"},"potentialAction":[{"@type":"SearchAction","target":{"@type":"EntryPoint","urlTemplate":"https://www.costaricafilmcommission.org/es/?s={search_term_string}"},"query-input":{"@type":"PropertyValueSpecification","valueRequired":true,"valueName":"search_term_string"}}],"inLanguage":"es"},{"@type":"Organization","@id":"https://www.costaricafilmcommission.org/es/#organization","name":"Film Commission","url":"https://www.costaricafilmcommission.org/es/","logo":{"@type":"ImageObject","inLanguage":"es","@id":"https://www.costaricafilmcommission.org/es/#/schema/logo/image/","url":"https://www.costaricafilmcommission.org/wp-content/uploads/2026/01/CF_Blanco-2.png","contentUrl":"https://www.costaricafilmcommission.org/wp-content/uploads/2026/01/CF_Blanco-2.png","width":93,"height":40,"caption":"Film Commission"},"image":{"@id":"https://www.costaricafilmcommission.org/es/#/schema/logo/image/"},"sameAs":["https://www.facebook.com/CRFilmCommission/"]}]}</script>
<!-- / Yoast SEO plugin. -->

Refugio Nacional De Vida Silvestre Bahía Junquillal - Film Commission

Con una superficie de 505 hectáreas y creado en enero de 1995 para proteger manglares y bosques secos, este refugio abarca siete ecosistemas costeros, incluida la Zona Rocosa. Dentro de ella se encuentra la playa del Junquillal, un tramo de 2 km con servicios como áreas de picnic, zona de acampar, senderos, una torre para [&hellip;]
